CRAN Package Check Results for Package listviewer

Last updated on 2022-10-05 04:50:56 CEST.

Flavor Version Tinstall Tcheck Ttotal Status Flags
r-devel-linux-x86_64-debian-clang 3.0.0 2.48 30.89 33.37 NOTE
r-devel-linux-x86_64-debian-gcc 3.0.0 2.21 24.25 26.46 NOTE
r-devel-linux-x86_64-fedora-clang 3.0.0 53.60 NOTE
r-devel-linux-x86_64-fedora-gcc 3.0.0 50.48 NOTE
r-devel-windows-x86_64 3.0.0 32.00 65.00 97.00 NOTE
r-patched-linux-x86_64 3.0.0 2.59 29.25 31.84 NOTE
r-release-linux-x86_64 3.0.0 2.78 29.72 32.50 NOTE
r-release-macos-arm64 3.0.0 14.00 NOTE
r-release-macos-x86_64 3.0.0 31.00 NOTE
r-release-windows-x86_64 3.0.0 24.00 62.00 86.00 NOTE
r-oldrel-macos-arm64 3.0.0 22.00 NOTE
r-oldrel-macos-x86_64 3.0.0 28.00 NOTE
r-oldrel-windows-ix86+x86_64 3.0.0 8.00 62.00 70.00 NOTE

Check Details

Version: 3.0.0
Check: LazyData
Result: NOTE
     'LazyData' is specified without a 'data' directory
Flavors: r-devel-linux-x86_64-debian-clang, r-devel-linux-x86_64-debian-gcc, r-devel-linux-x86_64-fedora-clang, r-devel-linux-x86_64-fedora-gcc, r-devel-windows-x86_64, r-patched-linux-x86_64, r-release-linux-x86_64, r-release-macos-arm64, r-release-macos-x86_64, r-release-windows-x86_64, r-oldrel-macos-arm64, r-oldrel-macos-x86_64, r-oldrel-windows-ix86+x86_64