CRAN Package Check Results for Package lmPerm

Last updated on 2024-05-19 04:55:45 CEST.

Flavor Version Tinstall Tcheck Ttotal Status Flags
r-devel-linux-x86_64-debian-clang 2.1.0 7.00 50.96 57.96 OK
r-devel-linux-x86_64-debian-gcc 2.1.0 4.39 39.45 43.84 OK
r-devel-linux-x86_64-fedora-clang 2.1.0 72.63 NOTE
r-devel-linux-x86_64-fedora-gcc 2.1.0 89.59 NOTE
r-devel-windows-x86_64 2.1.0 7.00 84.00 91.00 OK
r-patched-linux-x86_64 2.1.0 6.85 49.56 56.41 OK
r-release-linux-x86_64 2.1.0 5.54 49.31 54.85 OK
r-release-macos-arm64 2.1.0 32.00 OK
r-release-windows-x86_64 2.1.0 8.00 86.00 94.00 OK
r-oldrel-macos-arm64 2.1.0 35.00 OK
r-oldrel-macos-x86_64 2.1.0 49.00 OK
r-oldrel-windows-x86_64 2.1.0 9.00 82.00 91.00 OK

Check Details

Version: 2.1.0
Check: compiled code
Result: NOTE File ‘lmPerm/libs/lmPerm.so’: Found no calls to: ‘R_registerRoutines’, ‘R_useDynamicSymbols’ It is good practice to register native routines and to disable symbol search. See ‘Writing portable packages’ in the ‘Writing R Extensions’ manual. Flavors: r-devel-linux-x86_64-fedora-clang, r-devel-linux-x86_64-fedora-gcc