CRAN Package Check Results for Package localICE

Last updated on 2022-09-25 04:53:00 CEST.

Flavor Version Tinstall Tcheck Ttotal Status Flags
r-devel-linux-x86_64-debian-clang 0.1.1 4.70 58.36 63.06 NOTE
r-devel-linux-x86_64-debian-gcc 0.1.1 4.09 43.58 47.67 NOTE
r-devel-linux-x86_64-fedora-clang 0.1.1 92.64 NOTE
r-devel-linux-x86_64-fedora-gcc 0.1.1 84.72 NOTE
r-devel-windows-x86_64 0.1.1 15.00 82.00 97.00 NOTE
r-patched-linux-x86_64 0.1.1 5.36 55.37 60.73 NOTE
r-release-linux-x86_64 0.1.1 3.99 54.27 58.26 NOTE
r-release-macos-arm64 0.1.1 26.00 NOTE
r-release-macos-x86_64 0.1.1 45.00 NOTE
r-release-windows-x86_64 0.1.1 12.00 82.00 94.00 NOTE
r-oldrel-macos-arm64 0.1.1 42.00 NOTE
r-oldrel-macos-x86_64 0.1.1 41.00 NOTE
r-oldrel-windows-ix86+x86_64 0.1.1 15.00 87.00 102.00 NOTE

Check Details

Version: 0.1.1
Check: LazyData
Result: NOTE
     'LazyData' is specified without a 'data' directory
Flavors: r-devel-linux-x86_64-debian-clang, r-devel-linux-x86_64-debian-gcc, r-devel-linux-x86_64-fedora-clang, r-devel-linux-x86_64-fedora-gcc, r-devel-windows-x86_64, r-patched-linux-x86_64, r-release-linux-x86_64, r-release-macos-arm64, r-release-macos-x86_64, r-release-windows-x86_64, r-oldrel-macos-arm64, r-oldrel-macos-x86_64, r-oldrel-windows-ix86+x86_64

Version: 0.1.1
Check: dependencies in R code
Result: NOTE
    Namespace in Imports field not imported from: ‘checkmate’
     All declared Imports should be used.
Flavors: r-devel-linux-x86_64-fedora-clang, r-devel-linux-x86_64-fedora-gcc, r-release-macos-arm64, r-release-macos-x86_64, r-oldrel-macos-arm64, r-oldrel-macos-x86_64