CRAN Package Check Results for Package loon.data

Last updated on 2022-09-30 04:59:13 CEST.

Flavor Version Tinstall Tcheck Ttotal Status Flags
r-devel-linux-x86_64-debian-clang 0.1.3 2.33 36.54 38.87 OK
r-devel-linux-x86_64-debian-gcc 0.1.3 2.02 28.78 30.80 OK
r-devel-linux-x86_64-fedora-clang 0.1.3 60.10 NOTE
r-devel-linux-x86_64-fedora-gcc 0.1.3 59.50 NOTE
r-devel-windows-x86_64 0.1.3 29.00 70.00 99.00 OK
r-patched-linux-x86_64 0.1.3 3.12 34.85 37.97 OK
r-release-linux-x86_64 0.1.3 2.52 34.05 36.57 OK
r-release-macos-arm64 0.1.3 19.00 NOTE
r-release-macos-x86_64 0.1.3 29.00 NOTE
r-release-windows-x86_64 0.1.3 7.00 62.00 69.00 OK
r-oldrel-macos-arm64 0.1.3 23.00 NOTE
r-oldrel-macos-x86_64 0.1.3 40.00 NOTE
r-oldrel-windows-ix86+x86_64 0.1.3 6.00 36.00 42.00 OK

Check Details

Version: 0.1.3
Check: data for non-ASCII characters
Result: NOTE
     Note: found 994 marked Latin-1 strings
Flavors: r-devel-linux-x86_64-fedora-clang, r-devel-linux-x86_64-fedora-gcc, r-release-macos-arm64, r-release-macos-x86_64, r-oldrel-macos-arm64, r-oldrel-macos-x86_64