CRAN Package Check Results for Package loon

Last updated on 2022-08-08 04:50:43 CEST.

Flavor Version Tinstall Tcheck Ttotal Status Flags
r-devel-linux-x86_64-debian-clang 1.4.0 20.75 227.93 248.68 OK
r-devel-linux-x86_64-debian-gcc 1.4.0 15.43 167.77 183.20 OK
r-devel-linux-x86_64-fedora-clang 1.4.0 305.85 NOTE
r-devel-linux-x86_64-fedora-gcc 1.4.0 304.40 OK
r-devel-windows-x86_64 1.4.0 35.00 389.00 424.00 OK
r-patched-linux-x86_64 1.4.0 29.64 230.81 260.45 OK
r-release-linux-x86_64 1.4.0 OK
r-release-macos-arm64 1.4.0 176.00 OK
r-release-macos-x86_64 1.4.0 202.00 NOTE
r-release-windows-x86_64 1.4.0 248.00 400.00 648.00 OK
r-oldrel-macos-arm64 1.4.0 139.00 NOTE
r-oldrel-macos-x86_64 1.4.0 193.00 NOTE
r-oldrel-windows-ix86+x86_64 1.4.0 36.00 315.00 351.00 OK

Check Details

Version: 1.4.0
Check: installed package size
Result: NOTE
     installed size is 5.0Mb
     sub-directories of 1Mb or more:
     doc 1.6Mb
     tcl 1.3Mb
Flavor: r-devel-linux-x86_64-fedora-clang

Version: 1.4.0
Check: package dependencies
Result: NOTE
    Package suggested but not available for checking: ‘RDRToolbox’
Flavors: r-release-macos-x86_64, r-oldrel-macos-arm64, r-oldrel-macos-x86_64