CRAN Package Check Results for Package lorentz

Last updated on 2023-03-29 04:51:15 CEST.

Flavor Version Tinstall Tcheck Ttotal Status Flags
r-devel-linux-x86_64-debian-clang 1.0-5 2.48 50.19 52.67 NOTE
r-devel-linux-x86_64-debian-gcc 1.0-5 2.80 39.05 41.85 NOTE
r-devel-linux-x86_64-fedora-clang 1.0-5 69.09 NOTE
r-devel-linux-x86_64-fedora-gcc 1.0-5 79.84 NOTE
r-devel-windows-x86_64 1.0-5 36.00 0.00 36.00 NOTE
r-patched-linux-x86_64 1.0-5 3.80 48.06 51.86 NOTE
r-release-linux-x86_64 1.0-5 2.43 48.53 50.96 NOTE
r-release-macos-arm64 1.0-5 25.00 NOTE
r-release-macos-x86_64 1.0-5 37.00 NOTE
r-release-windows-x86_64 1.0-5 39.00 102.00 141.00 NOTE
r-oldrel-macos-arm64 1.0-5 29.00 NOTE
r-oldrel-macos-x86_64 1.0-5 54.00 NOTE
r-oldrel-windows-ix86+x86_64 1.0-5 8.00 82.00 90.00 NOTE

Check Details

Version: 1.0-5
Check: LazyData
Result: NOTE
     'LazyData' is specified without a 'data' directory
Flavors: r-devel-linux-x86_64-debian-clang, r-devel-linux-x86_64-debian-gcc, r-devel-linux-x86_64-fedora-clang, r-devel-linux-x86_64-fedora-gcc, r-devel-windows-x86_64, r-patched-linux-x86_64, r-release-linux-x86_64, r-release-macos-arm64, r-release-macos-x86_64, r-release-windows-x86_64, r-oldrel-macos-arm64, r-oldrel-macos-x86_64, r-oldrel-windows-ix86+x86_64