CRAN Package Check Results for Package lpSolveAPI

Last updated on 2022-09-27 04:50:34 CEST.

Flavor Version Tinstall Tcheck Ttotal Status Flags
r-devel-linux-x86_64-debian-clang 5.5.2.0-17.8 32.22 35.20 67.42 OK
r-devel-linux-x86_64-debian-gcc 5.5.2.0-17.8 25.34 26.90 52.24 OK
r-devel-linux-x86_64-fedora-clang 5.5.2.0-17.8 97.97 WARN
r-devel-linux-x86_64-fedora-gcc 5.5.2.0-17.8 102.69 OK
r-devel-windows-x86_64 5.5.2.0-17.8 132.00 78.00 210.00 OK
r-patched-linux-x86_64 5.5.2.0-17.8 31.17 33.36 64.53 OK
r-release-linux-x86_64 5.5.2.0-17.8 28.86 33.44 62.30 OK
r-release-macos-arm64 5.5.2.0-17.8 28.00 OK
r-release-macos-x86_64 5.5.2.0-17.8 41.00 OK
r-release-windows-x86_64 5.5.2.0-17.8 108.00 72.00 180.00 OK
r-oldrel-macos-arm64 5.5.2.0-17.8 28.00 OK
r-oldrel-macos-x86_64 5.5.2.0-17.8 48.00 OK
r-oldrel-windows-ix86+x86_64 5.5.2.0-17.8 134.00 72.00 206.00 OK

Additional issues

clang15 clang15

Check Details

Version: 5.5.2.0-17.8
Check: whether package can be installed
Result: WARN
    Found the following significant warnings:
     lp_matrix.c:3297:59: warning: invalid UTF-8 in comment [-Winvalid-utf8]
Flavor: r-devel-linux-x86_64-fedora-clang