CRAN Package Check Results for Package lpme

Last updated on 2022-09-25 04:53:00 CEST.

Flavor Version Tinstall Tcheck Ttotal Status Flags
r-devel-linux-x86_64-debian-clang 1.1.3 140.70 48.31 189.01 OK
r-devel-linux-x86_64-debian-gcc 1.1.3 124.42 35.65 160.07 OK
r-devel-linux-x86_64-fedora-clang 1.1.3 294.62 OK
r-devel-linux-x86_64-fedora-gcc 1.1.3 280.46 OK
r-devel-windows-x86_64 1.1.3 136.00 98.00 234.00 OK
r-patched-linux-x86_64 1.1.3 136.93 45.88 182.81 OK
r-release-linux-x86_64 1.1.3 129.98 46.53 176.51 OK
r-release-macos-arm64 1.1.3 61.00 NOTE
r-release-macos-x86_64 1.1.3 92.00 NOTE
r-release-windows-x86_64 1.1.3 119.00 94.00 213.00 OK
r-oldrel-macos-arm64 1.1.3 60.00 NOTE
r-oldrel-macos-x86_64 1.1.3 87.00 NOTE
r-oldrel-windows-ix86+x86_64 1.1.3 364.00 114.00 478.00 OK

Check Details

Version: 1.1.3
Check: installed package size
Result: NOTE
     installed size is 5.6Mb
     sub-directories of 1Mb or more:
     libs 5.4Mb
Flavors: r-release-macos-arm64, r-release-macos-x86_64, r-oldrel-macos-arm64, r-oldrel-macos-x86_64