CRAN Package Check Results for Package lsa

Last updated on 2022-07-03 04:49:05 CEST.

Flavor Version Tinstall Tcheck Ttotal Status Flags
r-devel-linux-x86_64-debian-clang 0.73.3 3.28 37.52 40.80 NOTE
r-devel-linux-x86_64-debian-gcc 0.73.3 2.57 30.51 33.08 NOTE
r-devel-linux-x86_64-fedora-clang 0.73.3 61.37 NOTE
r-devel-linux-x86_64-fedora-gcc 0.73.3 60.10 NOTE
r-devel-windows-x86_64 0.73.3 23.00 74.00 97.00 NOTE
r-patched-linux-x86_64 0.73.3 4.46 36.31 40.77 OK
r-release-linux-x86_64 0.73.3 3.68 36.85 40.53 OK
r-release-macos-arm64 0.73.3 31.00 NOTE
r-release-macos-x86_64 0.73.3 30.00 NOTE
r-release-windows-x86_64 0.73.3 22.00 71.00 93.00 OK
r-oldrel-macos-arm64 0.73.3 21.00 NOTE
r-oldrel-macos-x86_64 0.73.3 30.00 NOTE
r-oldrel-windows-ix86+x86_64 0.73.3 7.00 61.00 68.00 OK

Check Details

Version: 0.73.3
Check: Rd files
Result: NOTE
    checkRd: (-1) specialchars.Rd:6: Escaped LaTeX specials: \&
Flavors: r-devel-linux-x86_64-debian-clang, r-devel-linux-x86_64-debian-gcc, r-devel-linux-x86_64-fedora-clang, r-devel-linux-x86_64-fedora-gcc, r-devel-windows-x86_64

Version: 0.73.3
Check: data for non-ASCII characters
Result: NOTE
     Note: found 143 marked Latin-1 strings
     Note: found 833 marked UTF-8 strings
Flavors: r-devel-linux-x86_64-fedora-clang, r-devel-linux-x86_64-fedora-gcc, r-release-macos-arm64, r-release-macos-x86_64, r-oldrel-macos-arm64, r-oldrel-macos-x86_64