CRAN Package Check Results for Package m2b

Last updated on 2022-12-10 03:57:33 CET.

Flavor Version Tinstall Tcheck Ttotal Status Flags
r-devel-linux-x86_64-debian-clang 1.0 7.16 103.08 110.24 OK
r-devel-linux-x86_64-debian-gcc 1.0 5.45 78.89 84.34 OK
r-devel-linux-x86_64-fedora-clang 1.0 143.79 NOTE
r-devel-linux-x86_64-fedora-gcc 1.0 158.18 NOTE
r-devel-windows-x86_64 1.0 19.00 150.00 169.00 OK
r-patched-linux-x86_64 1.0 12.42 95.31 107.73 OK
r-release-linux-x86_64 1.0 4.43 95.76 100.19 OK
r-release-macos-arm64 1.0 54.00 NOTE
r-release-macos-x86_64 1.0 89.00 NOTE
r-release-windows-x86_64 1.0 17.00 138.00 155.00 OK
r-oldrel-macos-arm64 1.0 45.00 NOTE
r-oldrel-macos-x86_64 1.0 66.00 NOTE
r-oldrel-windows-ix86+x86_64 1.0 22.00 131.00 153.00 OK

Check Details

Version: 1.0
Check: dependencies in R code
Result: NOTE
    Namespaces in Imports field not imported from:
     ‘e1071’ ‘utils’
     All declared Imports should be used.
Flavors: r-devel-linux-x86_64-fedora-clang, r-devel-linux-x86_64-fedora-gcc, r-release-macos-arm64, r-release-macos-x86_64, r-oldrel-macos-arm64, r-oldrel-macos-x86_64