CRAN Package Check Results for Package magmaR

Last updated on 2022-12-06 04:02:55 CET.

Flavor Version Tinstall Tcheck Ttotal Status Flags
r-devel-linux-x86_64-debian-clang 1.0.2 3.48 80.46 83.94 OK
r-devel-linux-x86_64-debian-gcc 1.0.2 2.25 61.95 64.20 OK
r-devel-linux-x86_64-fedora-clang 1.0.2 114.00 OK
r-devel-linux-x86_64-fedora-gcc 1.0.2 130.27 OK
r-devel-windows-x86_64 1.0.2 20.00 113.00 133.00 OK
r-patched-linux-x86_64 1.0.2 2.44 78.72 81.16 OK
r-release-linux-x86_64 1.0.2 2.27 77.02 79.29 OK
r-release-macos-arm64 1.0.2 37.00 OK
r-release-macos-x86_64 1.0.2 40.00 NOTE
r-release-windows-x86_64 1.0.2 25.00 125.00 150.00 OK
r-oldrel-macos-arm64 1.0.2 33.00 OK
r-oldrel-macos-x86_64 1.0.2 36.00 NOTE
r-oldrel-windows-ix86+x86_64 1.0.2 6.00 113.00 119.00 OK

Check Details

Version: 1.0.2
Check: package dependencies
Result: NOTE
    Package suggested but not available for checking: ‘dittoSeq’
Flavors: r-release-macos-x86_64, r-oldrel-macos-x86_64