CRAN Package Check Results for Package mail

Last updated on 2022-11-30 03:58:27 CET.

Flavor Version Tinstall Tcheck Ttotal Status Flags
r-devel-linux-x86_64-debian-clang 1.0 1.98 20.06 22.04 NOTE
r-devel-linux-x86_64-debian-gcc 1.0 1.47 16.00 17.47 NOTE
r-devel-linux-x86_64-fedora-clang 1.0 38.24 NOTE
r-devel-linux-x86_64-fedora-gcc 1.0 36.64 NOTE
r-devel-windows-x86_64 1.0 8.00 43.00 51.00 NOTE
r-patched-linux-x86_64 1.0 1.31 19.66 20.97 NOTE
r-release-linux-x86_64 1.0 1.65 19.74 21.39 NOTE
r-release-macos-arm64 1.0 13.00 NOTE
r-release-macos-x86_64 1.0 19.00 NOTE
r-release-windows-x86_64 1.0 4.00 41.00 45.00 NOTE
r-oldrel-macos-arm64 1.0 14.00 NOTE
r-oldrel-macos-x86_64 1.0 25.00 NOTE
r-oldrel-windows-ix86+x86_64 1.0 4.00 22.00 26.00 NOTE

Check Details

Version: 1.0
Check: DESCRIPTION meta-information
Result: NOTE
    Malformed Description field: should contain one or more complete sentences.
Flavors: r-devel-linux-x86_64-debian-clang, r-devel-linux-x86_64-debian-gcc, r-devel-linux-x86_64-fedora-clang, r-devel-linux-x86_64-fedora-gcc, r-devel-windows-x86_64, r-patched-linux-x86_64, r-release-linux-x86_64, r-release-macos-arm64, r-release-macos-x86_64, r-release-windows-x86_64, r-oldrel-macos-arm64, r-oldrel-macos-x86_64, r-oldrel-windows-ix86+x86_64