CRAN Package Check Results for Package maotai

Last updated on 2022-09-29 04:58:18 CEST.

Flavor Version Tinstall Tcheck Ttotal Status Flags
r-devel-linux-x86_64-debian-clang 0.2.4 127.88 102.13 230.01 OK
r-devel-linux-x86_64-debian-gcc 0.2.4 101.00 78.20 179.20 OK
r-devel-linux-x86_64-fedora-clang 0.2.4 339.57 OK
r-devel-linux-x86_64-fedora-gcc 0.2.4 302.69 OK
r-devel-windows-x86_64 0.2.4 113.00 156.00 269.00 OK
r-patched-linux-x86_64 0.2.4 109.58 95.84 205.42 OK
r-release-linux-x86_64 0.2.4 114.68 97.04 211.72 OK
r-release-macos-arm64 0.2.4 74.00 NOTE
r-release-macos-x86_64 0.2.4 97.00 NOTE
r-release-windows-x86_64 0.2.4 112.00 164.00 276.00 OK
r-oldrel-macos-arm64 0.2.4 73.00 NOTE
r-oldrel-macos-x86_64 0.2.4 92.00 NOTE
r-oldrel-windows-ix86+x86_64 0.2.4 308.00 176.00 484.00 OK

Check Details

Version: 0.2.4
Check: installed package size
Result: NOTE
     installed size is 6.2Mb
     sub-directories of 1Mb or more:
     libs 5.9Mb
Flavors: r-release-macos-arm64, r-release-macos-x86_64, r-oldrel-macos-arm64, r-oldrel-macos-x86_64