Last updated on 2023-01-30 04:52:26 CET.
Flavor | Version | Tinstall | Tcheck | Ttotal | Status | Flags |
---|---|---|---|---|---|---|
r-devel-linux-x86_64-debian-clang | 2.3.1 | 15.88 | 24.20 | 40.08 | OK | |
r-devel-linux-x86_64-debian-gcc | 2.3.1 | 12.13 | 19.07 | 31.20 | OK | |
r-devel-linux-x86_64-fedora-clang | 2.3.1 | 51.40 | NOTE | |||
r-devel-linux-x86_64-fedora-gcc | 2.3.1 | 49.69 | OK | |||
r-devel-windows-x86_64 | 2.3.1 | 46.00 | 52.00 | 98.00 | NOTE | |
r-patched-linux-x86_64 | 2.3.1 | 15.49 | 24.45 | 39.94 | OK | |
r-release-linux-x86_64 | 2.3.1 | 15.54 | 24.63 | 40.17 | OK | |
r-release-macos-arm64 | 2.3.1 | 36.00 | NOTE | |||
r-release-macos-x86_64 | 2.3.1 | 44.00 | NOTE | |||
r-release-windows-x86_64 | 2.3.1 | 66.00 | 55.00 | 121.00 | NOTE | |
r-oldrel-macos-arm64 | 2.3.1 | 27.00 | NOTE | |||
r-oldrel-macos-x86_64 | 2.3.1 | 46.00 | NOTE | |||
r-oldrel-windows-ix86+x86_64 | 2.3.1 | 75.00 | 49.00 | 124.00 | NOTE |
Version: 2.3.1
Check: installed package size
Result: NOTE
installed size is 33.5Mb
sub-directories of 1Mb or more:
mapdata 33.4Mb
Flavors: r-devel-linux-x86_64-fedora-clang, r-devel-windows-x86_64, r-release-macos-arm64, r-release-macos-x86_64, r-release-windows-x86_64, r-oldrel-macos-arm64, r-oldrel-macos-x86_64, r-oldrel-windows-ix86+x86_64