CRAN Package Check Results for Package mappoly

Last updated on 2022-12-08 04:06:34 CET.

Flavor Version Tinstall Tcheck Ttotal Status Flags
r-devel-linux-x86_64-debian-clang 0.3.2 165.94 420.44 586.38 OK
r-devel-linux-x86_64-debian-gcc 0.3.2 127.11 303.22 430.33 OK
r-devel-linux-x86_64-fedora-clang 0.3.2 817.06 NOTE
r-devel-linux-x86_64-fedora-gcc 0.3.2 799.73 OK
r-devel-windows-x86_64 0.3.2 165.00 498.00 663.00 NOTE
r-patched-linux-x86_64 0.3.2 131.85 420.17 552.02 OK
r-release-linux-x86_64 0.3.2 156.19 428.95 585.14 OK
r-release-macos-arm64 0.3.2 140.00 NOTE
r-release-macos-x86_64 0.3.2 389.00 NOTE
r-release-windows-x86_64 0.3.2 160.00 457.00 617.00 NOTE
r-oldrel-macos-arm64 0.3.2 140.00 NOTE
r-oldrel-macos-x86_64 0.3.2 335.00 NOTE
r-oldrel-windows-ix86+x86_64 0.3.2 326.00 597.00 923.00 NOTE

Check Details

Version: 0.3.2
Check: installed package size
Result: NOTE
     installed size is 7.5Mb
     sub-directories of 1Mb or more:
     R 2.7Mb
     data 2.4Mb
Flavors: r-devel-linux-x86_64-fedora-clang, r-devel-windows-x86_64, r-release-macos-arm64, r-release-macos-x86_64, r-release-windows-x86_64, r-oldrel-macos-arm64, r-oldrel-macos-x86_64, r-oldrel-windows-ix86+x86_64