CRAN Package Check Results for Package mapr

Last updated on 2022-12-07 03:57:28 CET.

Flavor Version Tinstall Tcheck Ttotal Status Flags
r-devel-linux-x86_64-debian-clang 0.5.2 7.09 70.66 77.75 NOTE
r-devel-linux-x86_64-debian-gcc 0.5.2 5.64 54.24 59.88 NOTE
r-devel-linux-x86_64-fedora-clang 0.5.2 111.08 NOTE
r-devel-linux-x86_64-fedora-gcc 0.5.2 106.31 NOTE
r-devel-windows-x86_64 0.5.2 25.00 101.00 126.00 NOTE
r-patched-linux-x86_64 0.5.2 5.29 66.42 71.71 NOTE
r-release-linux-x86_64 0.5.2 6.80 69.45 76.25 NOTE
r-release-macos-arm64 0.5.2 31.00 NOTE
r-release-macos-x86_64 0.5.2 52.00 NOTE
r-release-windows-x86_64 0.5.2 22.00 102.00 124.00 NOTE
r-oldrel-macos-arm64 0.5.2 34.00 OK
r-oldrel-macos-x86_64 0.5.2 51.00 OK
r-oldrel-windows-ix86+x86_64 0.5.2 21.00 96.00 117.00 OK

Check Details

Version: 0.5.2
Check: package dependencies
Result: NOTE
    Package suggested but not available for checking: 'scrubr'
Flavors: r-devel-linux-x86_64-debian-clang, r-devel-linux-x86_64-debian-gcc, r-devel-linux-x86_64-fedora-clang, r-devel-linux-x86_64-fedora-gcc, r-devel-windows-x86_64, r-patched-linux-x86_64, r-release-linux-x86_64, r-release-macos-arm64, r-release-macos-x86_64, r-release-windows-x86_64