CRAN Package Check Results for Package marked

Last updated on 2022-09-29 04:58:18 CEST.

Flavor Version Tinstall Tcheck Ttotal Status Flags
r-devel-linux-x86_64-debian-clang 1.2.6 37.19 227.05 264.24 OK
r-devel-linux-x86_64-debian-gcc 1.2.6 27.67 168.08 195.75 OK
r-devel-linux-x86_64-fedora-clang 1.2.6 334.92 NOTE
r-devel-linux-x86_64-fedora-gcc 1.2.6 322.16 NOTE
r-devel-windows-x86_64 1.2.6 61.00 283.00 344.00 OK
r-patched-linux-x86_64 1.2.6 35.21 210.95 246.16 OK
r-release-linux-x86_64 1.2.6 24.29 213.09 237.38 OK
r-release-macos-arm64 1.2.6 93.00 NOTE
r-release-macos-x86_64 1.2.6 153.00 NOTE
r-release-windows-x86_64 1.2.6 54.00 275.00 329.00 OK
r-oldrel-macos-arm64 1.2.6 114.00 NOTE
r-oldrel-macos-x86_64 1.2.6 139.00 NOTE
r-oldrel-windows-ix86+x86_64 1.2.6 88.00 305.00 393.00 OK

Check Details

Version: 1.2.6
Check: dependencies in R code
Result: NOTE
    Namespaces in Imports field not imported from:
     ‘bookdown’ ‘kableExtra’ ‘knitr’
     All declared Imports should be used.
Flavors: r-devel-linux-x86_64-fedora-clang, r-devel-linux-x86_64-fedora-gcc, r-release-macos-arm64, r-release-macos-x86_64, r-oldrel-macos-arm64, r-oldrel-macos-x86_64