Last updated on 2022-07-03 04:49:05 CEST.
Flavor | Version | Tinstall | Tcheck | Ttotal | Status | Flags |
---|---|---|---|---|---|---|
r-devel-linux-x86_64-debian-clang | 1.0-2 | 209.59 | 167.66 | 377.25 | OK | |
r-devel-linux-x86_64-debian-gcc | 1.0-2 | 167.53 | 125.10 | 292.63 | OK | |
r-devel-linux-x86_64-fedora-clang | 1.0-2 | 560.44 | NOTE | |||
r-devel-linux-x86_64-fedora-gcc | 1.0-2 | 501.39 | OK | |||
r-devel-windows-x86_64 | 1.0-2 | 208.00 | 260.00 | 468.00 | NOTE | |
r-patched-linux-x86_64 | 1.0-2 | 183.03 | 161.66 | 344.69 | OK | |
r-release-linux-x86_64 | 1.0-2 | 177.67 | 162.45 | 340.12 | OK | |
r-release-macos-arm64 | 1.0-2 | 136.00 | NOTE | |||
r-release-macos-x86_64 | 1.0-2 | 157.00 | NOTE | |||
r-release-windows-x86_64 | 1.0-2 | 229.00 | 269.00 | 498.00 | NOTE | |
r-oldrel-macos-arm64 | 1.0-2 | 182.00 | NOTE | |||
r-oldrel-macos-x86_64 | 1.0-2 | 226.00 | NOTE | |||
r-oldrel-windows-ix86+x86_64 | 1.0-2 | 509.00 | 233.00 | 742.00 | NOTE |
Version: 1.0-2
Check: installed package size
Result: NOTE
installed size is 12.1Mb
sub-directories of 1Mb or more:
java 3.3Mb
libs 7.5Mb
Flavors: r-devel-linux-x86_64-fedora-clang, r-devel-windows-x86_64, r-release-macos-arm64, r-release-macos-x86_64, r-release-windows-x86_64, r-oldrel-macos-arm64, r-oldrel-macos-x86_64, r-oldrel-windows-ix86+x86_64