CRAN Package Check Results for Package matlab

Last updated on 2022-12-09 04:00:49 CET.

Flavor Version Tinstall Tcheck Ttotal Status Flags
r-devel-linux-x86_64-debian-clang 1.0.4 5.55 62.49 68.04 NOTE
r-devel-linux-x86_64-debian-gcc 1.0.4 4.03 49.80 53.83 NOTE
r-devel-linux-x86_64-fedora-clang 1.0.4 97.45 NOTE
r-devel-linux-x86_64-fedora-gcc 1.0.4 90.91 NOTE
r-devel-windows-x86_64 1.0.4 11.00 113.00 124.00 NOTE
r-patched-linux-x86_64 1.0.4 4.56 56.67 61.23 OK
r-release-linux-x86_64 1.0.4 3.66 56.79 60.45 OK
r-release-macos-arm64 1.0.4 31.00 OK
r-release-macos-x86_64 1.0.4 49.00 OK
r-release-windows-x86_64 1.0.4 32.00 107.00 139.00 OK
r-oldrel-macos-arm64 1.0.4 29.00 OK
r-oldrel-macos-x86_64 1.0.4 48.00 OK
r-oldrel-windows-ix86+x86_64 1.0.4 13.00 100.00 113.00 OK

Check Details

Version: 1.0.4
Check: Rd files
Result: NOTE
    checkRd: (-1) size_t-class.Rd:6: Escaped LaTeX specials: \_
Flavors: r-devel-linux-x86_64-debian-clang, r-devel-linux-x86_64-debian-gcc, r-devel-linux-x86_64-fedora-clang, r-devel-linux-x86_64-fedora-gcc, r-devel-windows-x86_64