Last updated on 2023-03-27 04:53:16 CEST.
Flavor | Version | Tinstall | Tcheck | Ttotal | Status | Flags |
---|---|---|---|---|---|---|
r-devel-linux-x86_64-debian-clang | 1.15.1 | 4.01 | 43.57 | 47.58 | OK | |
r-devel-linux-x86_64-debian-gcc | 1.15.1 | 3.20 | 33.81 | 37.01 | OK | |
r-devel-linux-x86_64-fedora-clang | 1.15.1 | 58.69 | OK | |||
r-devel-linux-x86_64-fedora-gcc | 1.15.1 | 67.93 | OK | |||
r-patched-linux-x86_64 | 1.15.1 | 4.40 | 42.25 | 46.65 | OK | |
r-release-linux-x86_64 | 1.15.1 | 4.00 | 44.64 | 48.64 | OK | |
r-release-macos-arm64 | 1.15.1 | 25.00 | OK | |||
r-release-macos-x86_64 | 1.15.1 | 34.00 | OK | |||
r-release-windows-x86_64 | 1.15.1 | 28.00 | 87.00 | 115.00 | OK | |
r-oldrel-macos-arm64 | 1.15.1 | 28.00 | OK | |||
r-oldrel-macos-x86_64 | 1.15.1 | 36.00 | OK | |||
r-oldrel-windows-ix86+x86_64 | 1.15.1 | 12.00 | 80.00 | 92.00 | NOTE |
Version: 1.15.1
Check: dependencies in R code
Result: NOTE
Initiating curl with CURL_SSL_BACKEND: openssl
Flavor: r-oldrel-windows-ix86+x86_64