CRAN Package Check Results for Package mco

Last updated on 2022-09-27 04:50:35 CEST.

Flavor Version Tinstall Tcheck Ttotal Status Flags
r-devel-linux-x86_64-debian-clang 1.15.6 6.50 42.85 49.35 NOTE
r-devel-linux-x86_64-debian-gcc 1.15.6 4.30 32.17 36.47 NOTE
r-devel-linux-x86_64-fedora-clang 1.15.6 72.65 NOTE
r-devel-linux-x86_64-fedora-gcc 1.15.6 68.69 NOTE
r-devel-windows-x86_64 1.15.6 19.00 71.00 90.00 NOTE
r-patched-linux-x86_64 1.15.6 4.55 41.34 45.89 NOTE
r-release-linux-x86_64 1.15.6 4.64 41.78 46.42 NOTE
r-release-macos-arm64 1.15.6 21.00 NOTE
r-release-macos-x86_64 1.15.6 33.00 NOTE
r-release-windows-x86_64 1.15.6 20.00 74.00 94.00 NOTE
r-oldrel-macos-arm64 1.15.6 31.00 NOTE
r-oldrel-macos-x86_64 1.15.6 40.00 NOTE
r-oldrel-windows-ix86+x86_64 1.15.6 16.00 90.00 106.00 NOTE

Check Details

Version: 1.15.6
Check: LazyData
Result: NOTE
     'LazyData' is specified without a 'data' directory
Flavors: r-devel-linux-x86_64-debian-clang, r-devel-linux-x86_64-debian-gcc, r-devel-linux-x86_64-fedora-clang, r-devel-linux-x86_64-fedora-gcc, r-devel-windows-x86_64, r-patched-linux-x86_64, r-release-linux-x86_64, r-release-macos-arm64, r-release-macos-x86_64, r-release-windows-x86_64, r-oldrel-macos-arm64, r-oldrel-macos-x86_64, r-oldrel-windows-ix86+x86_64