Last updated on 2023-06-09 04:53:05 CEST.
Flavor | Version | Tinstall | Tcheck | Ttotal | Status | Flags |
---|---|---|---|---|---|---|
r-devel-linux-x86_64-debian-clang | 0.2.0 | 21.34 | 133.54 | 154.88 | OK | |
r-devel-linux-x86_64-debian-gcc | 0.2.0 | 18.81 | 99.54 | 118.35 | OK | |
r-devel-linux-x86_64-fedora-clang | 0.2.0 | 207.03 | OK | |||
r-devel-linux-x86_64-fedora-gcc | 0.2.0 | 191.79 | OK | |||
r-devel-windows-x86_64 | 0.2.0 | 20.00 | 110.00 | 130.00 | OK | |
r-patched-linux-x86_64 | 0.2.0 | 26.13 | 122.91 | 149.04 | OK | |
r-release-linux-x86_64 | 0.2.0 | 15.74 | 122.56 | 138.30 | OK | |
r-release-macos-arm64 | 0.2.0 | 60.00 | NOTE | |||
r-release-macos-x86_64 | 0.2.0 | 94.00 | NOTE | |||
r-release-windows-x86_64 | 0.2.0 | 26.00 | 134.00 | 160.00 | OK | |
r-oldrel-macos-arm64 | 0.2.0 | 57.00 | OK | |||
r-oldrel-macos-x86_64 | 0.2.0 | 80.00 | OK | |||
r-oldrel-windows-x86_64 | 0.2.0 | 28.00 | 135.00 | 163.00 | OK |
Version: 0.2.0
Check: package dependencies
Result: NOTE
Package suggested but not available for checking: ‘file2meco’
Flavors: r-release-macos-arm64, r-release-macos-x86_64