CRAN Package Check Results for Package merTools

Last updated on 2022-08-09 04:52:24 CEST.

Flavor Version Tinstall Tcheck Ttotal Status Flags
r-devel-linux-x86_64-debian-clang 0.5.2 18.09 247.20 265.29 OK
r-devel-linux-x86_64-debian-gcc 0.5.2 13.38 182.50 195.88 OK
r-devel-linux-x86_64-fedora-clang 0.5.2 322.02 OK
r-devel-linux-x86_64-fedora-gcc 0.5.2 325.64 OK
r-devel-windows-x86_64 0.5.2 61.00 297.00 358.00 OK --no-vignettes
r-patched-linux-x86_64 0.5.2 25.70 230.24 255.94 OK
r-release-linux-x86_64 0.5.2 OK
r-release-macos-arm64 0.5.2 79.00 NOTE
r-release-macos-x86_64 0.5.2 139.00 OK
r-release-windows-x86_64 0.5.2 65.00 282.00 347.00 OK --no-vignettes
r-oldrel-macos-arm64 0.5.2 91.00 OK
r-oldrel-macos-x86_64 0.5.2 159.00 OK
r-oldrel-windows-ix86+x86_64 0.5.2 40.00 281.00 321.00 OK --no-vignettes

Check Details

Version: 0.5.2
Check: package dependencies
Result: NOTE
    Package suggested but not available for checking: ‘rstanarm’
Flavor: r-release-macos-arm64