CRAN Package Check Results for Package meta4diag

Last updated on 2022-12-01 04:00:37 CET.

Flavor Version Tinstall Tcheck Ttotal Status Flags
r-devel-linux-x86_64-debian-clang 2.1.1 18.08 93.74 111.82 NOTE
r-devel-linux-x86_64-debian-gcc 2.1.1 12.04 72.44 84.48 NOTE
r-devel-linux-x86_64-fedora-clang 2.1.1 152.89 OK
r-devel-linux-x86_64-fedora-gcc 2.1.1 144.94 OK
r-devel-windows-x86_64 2.1.1 37.00 120.00 157.00 NOTE
r-patched-linux-x86_64 2.1.1 15.46 87.45 102.91 NOTE
r-release-linux-x86_64 2.1.1 11.95 90.67 102.62 NOTE
r-release-macos-arm64 2.1.1 36.00 NOTE
r-release-macos-x86_64 2.1.1 62.00 NOTE
r-release-windows-x86_64 2.1.1 54.00 122.00 176.00 NOTE
r-oldrel-macos-arm64 2.1.1 209.00 NOTE
r-oldrel-macos-x86_64 2.1.1 49.00 NOTE
r-oldrel-windows-ix86+x86_64 2.1.1 28.00 117.00 145.00 OK

Check Details

Version: 2.1.1
Check: package dependencies
Result: NOTE
    Package suggested but not available for checking: 'INLA'
Flavors: r-devel-linux-x86_64-debian-clang, r-devel-linux-x86_64-debian-gcc, r-devel-windows-x86_64, r-patched-linux-x86_64, r-release-linux-x86_64, r-release-macos-arm64, r-release-macos-x86_64, r-release-windows-x86_64, r-oldrel-macos-arm64, r-oldrel-macos-x86_64