Last updated on 2023-12-09 04:01:59 CET.
Flavor | Version | Tinstall | Tcheck | Ttotal | Status | Flags |
---|---|---|---|---|---|---|
r-devel-linux-x86_64-debian-clang | 0.2.0 | 525.59 | 80.51 | 606.10 | NOTE | |
r-devel-linux-x86_64-debian-gcc | 0.2.0 | 353.87 | 63.29 | 417.16 | NOTE | |
r-devel-linux-x86_64-fedora-clang | 0.2.0 | 885.73 | NOTE | |||
r-devel-linux-x86_64-fedora-gcc | 0.2.0 | 901.62 | NOTE | |||
r-devel-windows-x86_64 | 0.2.0 | 365.00 | 108.00 | 473.00 | NOTE | |
r-patched-linux-x86_64 | 0.2.0 | 430.57 | 82.76 | 513.33 | NOTE | |
r-release-linux-x86_64 | 0.2.0 | 420.13 | 77.86 | 497.99 | NOTE | |
r-release-macos-arm64 | 0.2.0 | 202.00 | NOTE | |||
r-release-macos-x86_64 | 0.2.0 | 293.00 | NOTE | |||
r-release-windows-x86_64 | 0.2.0 | 459.00 | 128.00 | 587.00 | NOTE | |
r-oldrel-macos-arm64 | 0.2.0 | 172.00 | NOTE | |||
r-oldrel-macos-x86_64 | 0.2.0 | 219.00 | NOTE | |||
r-oldrel-windows-x86_64 | 0.2.0 | 445.00 | 110.00 | 555.00 | OK |
Version: 0.2.0
Check: C++ specification
Result: NOTE
Specified C++11: please drop specification unless essential
Flavors: r-devel-linux-x86_64-debian-clang, r-devel-linux-x86_64-debian-gcc, r-devel-linux-x86_64-fedora-clang, r-devel-linux-x86_64-fedora-gcc, r-devel-windows-x86_64, r-patched-linux-x86_64, r-release-linux-x86_64, r-release-macos-arm64, r-release-macos-x86_64, r-release-windows-x86_64
Version: 0.2.0
Check: installed package size
Result: NOTE
installed size is 22.2Mb
sub-directories of 1Mb or more:
libs 21.9Mb
Flavors: r-release-macos-arm64, r-release-macos-x86_64, r-oldrel-macos-arm64, r-oldrel-macos-x86_64