CRAN Package Check Results for Package metaplot

Last updated on 2022-08-09 04:52:24 CEST.

Flavor Version Tinstall Tcheck Ttotal Status Flags
r-devel-linux-x86_64-debian-clang 0.8.3 9.67 114.13 123.80 NOTE
r-devel-linux-x86_64-debian-gcc 0.8.3 8.77 82.52 91.29 NOTE
r-devel-linux-x86_64-fedora-clang 0.8.3 149.97 NOTE
r-devel-linux-x86_64-fedora-gcc 0.8.3 146.87 NOTE
r-devel-windows-x86_64 0.8.3 48.00 135.00 183.00 NOTE
r-patched-linux-x86_64 0.8.3 10.74 99.95 110.69 NOTE
r-release-linux-x86_64 0.8.3 NOTE
r-release-macos-arm64 0.8.3 39.00 NOTE
r-release-macos-x86_64 0.8.3 68.00 NOTE
r-release-windows-x86_64 0.8.3 43.00 128.00 171.00 NOTE
r-oldrel-macos-arm64 0.8.3 43.00 NOTE
r-oldrel-macos-x86_64 0.8.3 76.00 NOTE
r-oldrel-windows-ix86+x86_64 0.8.3 22.00 128.00 150.00 NOTE

Check Details

Version: 0.8.3
Check: LazyData
Result: NOTE
     'LazyData' is specified without a 'data' directory
Flavors: r-devel-linux-x86_64-debian-clang, r-devel-linux-x86_64-debian-gcc, r-devel-linux-x86_64-fedora-clang, r-devel-linux-x86_64-fedora-gcc, r-devel-windows-x86_64, r-patched-linux-x86_64, r-release-linux-x86_64, r-release-macos-arm64, r-release-macos-x86_64, r-release-windows-x86_64, r-oldrel-macos-arm64, r-oldrel-macos-x86_64, r-oldrel-windows-ix86+x86_64