Last updated on 2022-07-06 04:55:14 CEST.
Flavor | Version | Tinstall | Tcheck | Ttotal | Status | Flags |
---|---|---|---|---|---|---|
r-devel-linux-x86_64-debian-clang | 1.8-40 | 99.30 | 507.28 | 606.58 | NOTE | |
r-devel-linux-x86_64-debian-gcc | 1.8-40 | 75.92 | 375.18 | 451.10 | NOTE | |
r-devel-linux-x86_64-fedora-clang | 1.8-40 | 744.02 | NOTE | |||
r-devel-linux-x86_64-fedora-gcc | 1.8-40 | 731.28 | NOTE | |||
r-devel-windows-x86_64 | 1.8-40 | 143.00 | 529.00 | 672.00 | NOTE | |
r-patched-linux-x86_64 | 1.8-40 | 81.66 | 485.96 | 567.62 | OK | |
r-release-linux-x86_64 | 1.8-40 | 82.70 | 483.28 | 565.98 | OK | |
r-release-macos-arm64 | 1.8-40 | 192.00 | OK | |||
r-release-macos-x86_64 | 1.8-40 | 245.00 | OK | |||
r-release-windows-x86_64 | 1.8-40 | 158.00 | 525.00 | 683.00 | OK | |
r-oldrel-macos-arm64 | 1.8-40 | 172.00 | OK | |||
r-oldrel-macos-x86_64 | 1.8-40 | 239.00 | OK | |||
r-oldrel-windows-ix86+x86_64 | 1.8-40 | 177.00 | 796.00 | 973.00 | OK |
Version: 1.8-40
Check: Rd files
Result: NOTE
checkRd: (-1) gam.fit3.Rd:4: Escaped LaTeX specials: \&
Flavors: r-devel-linux-x86_64-debian-clang, r-devel-linux-x86_64-debian-gcc, r-devel-linux-x86_64-fedora-clang, r-devel-linux-x86_64-fedora-gcc, r-devel-windows-x86_64