Last updated on 2023-11-28 04:03:14 CET.
Flavor | Version | Tinstall | Tcheck | Ttotal | Status | Flags |
---|---|---|---|---|---|---|
r-devel-linux-x86_64-debian-clang | 1.3-0 | 12.69 | 139.93 | 152.62 | NOTE | |
r-devel-linux-x86_64-debian-gcc | 1.3-0 | 10.90 | 101.46 | 112.36 | NOTE | |
r-devel-linux-x86_64-fedora-clang | 1.3-0 | 195.38 | NOTE | |||
r-devel-linux-x86_64-fedora-gcc | 1.3-0 | 192.63 | NOTE | |||
r-devel-windows-x86_64 | 1.3-0 | 15.00 | 131.00 | 146.00 | NOTE | |
r-patched-linux-x86_64 | 1.3-0 | 11.86 | 132.84 | 144.70 | NOTE | |
r-release-linux-x86_64 | 1.3-0 | 13.60 | 131.25 | 144.85 | NOTE | |
r-release-macos-arm64 | 1.3-0 | 71.00 | NOTE | |||
r-release-macos-x86_64 | 1.3-0 | 96.00 | NOTE | |||
r-release-windows-x86_64 | 1.3-0 | 20.00 | 150.00 | 170.00 | NOTE | |
r-oldrel-macos-arm64 | 1.3-0 | 54.00 | OK | |||
r-oldrel-macos-x86_64 | 1.3-0 | 75.00 | OK | |||
r-oldrel-windows-x86_64 | 1.3-0 | 17.00 | 150.00 | 167.00 | OK |
Version: 1.3-0
Check: package subdirectories
Result: NOTE
Problems with news in ‘NEWS.md’:
No news entries found.
Flavors: r-devel-linux-x86_64-debian-clang, r-devel-linux-x86_64-debian-gcc, r-devel-linux-x86_64-fedora-clang, r-devel-linux-x86_64-fedora-gcc, r-devel-windows-x86_64, r-patched-linux-x86_64, r-release-linux-x86_64, r-release-macos-arm64, r-release-macos-x86_64, r-release-windows-x86_64