CRAN Package Check Results for Package miceadds

Last updated on 2022-10-02 04:50:00 CEST.

Flavor Version Tinstall Tcheck Ttotal Status Flags
r-devel-linux-x86_64-debian-clang 3.15-21 155.89 161.02 316.91 OK
r-devel-linux-x86_64-debian-gcc 3.15-21 119.11 117.53 236.64 OK
r-devel-linux-x86_64-fedora-clang 3.15-21 480.34 OK
r-devel-linux-x86_64-fedora-gcc 3.15-21 438.44 OK
r-devel-windows-x86_64 3.15-21 255.00 236.00 491.00 OK
r-patched-linux-x86_64 3.15-21 117.66 150.22 267.88 OK
r-release-linux-x86_64 3.15-21 103.00 151.25 254.25 OK
r-release-macos-arm64 3.15-21 107.00 NOTE
r-release-macos-x86_64 3.15-21 151.00 NOTE
r-release-windows-x86_64 3.15-21 285.00 236.00 521.00 OK
r-oldrel-macos-arm64 3.15-21 94.00 NOTE
r-oldrel-macos-x86_64 3.15-21 153.00 NOTE
r-oldrel-windows-ix86+x86_64 3.15-21 366.00 223.00 589.00 OK

Check Details

Version: 3.15-21
Check: installed package size
Result: NOTE
     installed size is 7.6Mb
     sub-directories of 1Mb or more:
     libs 6.0Mb
Flavors: r-release-macos-arm64, r-release-macos-x86_64, r-oldrel-macos-arm64, r-oldrel-macos-x86_64