CRAN Package Check Results for Package microservices

Last updated on 2022-12-03 03:57:14 CET.

Flavor Version Tinstall Tcheck Ttotal Status Flags
r-devel-linux-x86_64-debian-clang 0.2.0 2.16 28.35 30.51 OK
r-devel-linux-x86_64-debian-gcc 0.2.0 1.84 21.96 23.80 OK
r-devel-linux-x86_64-fedora-clang 0.2.0 49.53 OK
r-devel-linux-x86_64-fedora-gcc 0.2.0 47.22 OK
r-devel-windows-x86_64 0.2.0 34.00 62.00 96.00 OK
r-patched-linux-x86_64 0.2.0 1.54 27.28 28.82 OK
r-release-linux-x86_64 0.2.0 1.82 27.43 29.25 OK
r-release-macos-arm64 0.2.0 23.00 OK
r-release-macos-x86_64 0.2.0 23.00 OK
r-release-windows-x86_64 0.2.0 43.00 67.00 110.00 OK
r-oldrel-macos-arm64 0.1.2 23.00 NOTE
r-oldrel-macos-x86_64 0.1.2 26.00 NOTE
r-oldrel-windows-ix86+x86_64 0.1.2 7.00 56.00 63.00 OK

Check Details

Version: 0.1.2
Check: dependencies in R code
Result: NOTE
    Namespaces in Imports field not imported from:
     ‘config’ ‘desc’ ‘dplyr’ ‘glue’ ‘withr’
     All declared Imports should be used.
Flavors: r-oldrel-macos-arm64, r-oldrel-macos-x86_64