CRAN Package Check Results for Package minimaxdesign

Last updated on 2022-10-05 04:50:57 CEST.

Flavor Version Tinstall Tcheck Ttotal Status Flags
r-devel-linux-x86_64-debian-clang 0.1.5 75.73 33.86 109.59 OK
r-devel-linux-x86_64-debian-gcc 0.1.5 58.94 25.73 84.67 OK
r-devel-linux-x86_64-fedora-clang 0.1.5 170.39 NOTE
r-devel-linux-x86_64-fedora-gcc 0.1.5 154.60 NOTE
r-devel-windows-x86_64 0.1.5 85.00 88.00 173.00 OK
r-patched-linux-x86_64 0.1.5 52.21 31.62 83.83 OK
r-release-linux-x86_64 0.1.5 51.21 31.37 82.58 OK
r-release-macos-arm64 0.1.5 38.00 NOTE
r-release-macos-x86_64 0.1.5 61.00 NOTE
r-release-windows-x86_64 0.1.5 73.00 84.00 157.00 OK
r-oldrel-macos-arm64 0.1.5 43.00 NOTE
r-oldrel-macos-x86_64 0.1.5 52.00 NOTE
r-oldrel-windows-ix86+x86_64 0.1.5 190.00 89.00 279.00 OK

Check Details

Version: 0.1.5
Check: dependencies in R code
Result: NOTE
    Namespaces in Imports field not imported from:
     ‘DiceDesign’ ‘MaxPro’ ‘doSNOW’ ‘gmp’ ‘jpeg’
     All declared Imports should be used.
Flavors: r-devel-linux-x86_64-fedora-clang, r-devel-linux-x86_64-fedora-gcc, r-release-macos-arm64, r-release-macos-x86_64, r-oldrel-macos-arm64, r-oldrel-macos-x86_64