Last updated on 2023-06-09 04:53:06 CEST.
Flavor | Version | Tinstall | Tcheck | Ttotal | Status | Flags |
---|---|---|---|---|---|---|
r-devel-linux-x86_64-debian-clang | 0.9-1 | 6.31 | 48.51 | 54.82 | OK | |
r-devel-linux-x86_64-debian-gcc | 0.9-1 | 3.94 | 37.47 | 41.41 | OK | |
r-devel-linux-x86_64-fedora-clang | 0.9-1 | 68.84 | NOTE | |||
r-devel-linux-x86_64-fedora-gcc | 0.9-1 | 67.24 | OK | |||
r-devel-windows-x86_64 | 0.9-1 | 9.00 | 75.00 | 84.00 | OK | |
r-patched-linux-x86_64 | 0.9-1 | 4.70 | 47.57 | 52.27 | OK | |
r-release-linux-x86_64 | 0.9-1 | 6.24 | 46.77 | 53.01 | OK | |
r-release-macos-arm64 | 0.9-1 | 29.00 | OK | |||
r-release-macos-x86_64 | 0.9-1 | 41.00 | OK | |||
r-release-windows-x86_64 | 0.9-1 | 5.00 | 78.00 | 83.00 | OK | |
r-oldrel-macos-arm64 | 0.9-1 | 45.00 | OK | |||
r-oldrel-macos-x86_64 | 0.9-1 | 53.00 | OK | |||
r-oldrel-windows-x86_64 | 0.9-1 | 8.00 | 86.00 | 94.00 | OK |
Version: 0.9-1
Check: Rd cross-references
Result: NOTE
Undeclared package ‘scatterplot3d’ in Rd xrefs
Flavor: r-devel-linux-x86_64-fedora-clang