CRAN Package Check Results for Package missSBM

Last updated on 2022-08-11 04:52:37 CEST.

Flavor Version Tinstall Tcheck Ttotal Status Flags
r-devel-linux-x86_64-debian-clang 1.0.2 116.30 370.55 486.85 NOTE
r-devel-linux-x86_64-debian-gcc 1.0.2 95.50 277.13 372.63 NOTE
r-devel-linux-x86_64-fedora-clang 1.0.2 630.64 NOTE
r-devel-linux-x86_64-fedora-gcc 1.0.2 609.03 OK
r-devel-windows-x86_64 1.0.2 152.00 456.00 608.00 OK
r-patched-linux-x86_64 1.0.2 95.93 343.67 439.60 OK
r-release-linux-x86_64 1.0.2 OK
r-release-macos-arm64 1.0.2 188.00 NOTE
r-release-macos-x86_64 1.0.2 298.00 NOTE
r-release-windows-x86_64 1.0.2 125.00 516.00 641.00 OK
r-oldrel-macos-arm64 1.0.2 164.00 NOTE
r-oldrel-macos-x86_64 1.0.2 232.00 NOTE
r-oldrel-windows-ix86+x86_64 1.0.2 275.00 739.00 1014.00 OK

Check Details

Version: 1.0.2
Check: HTML version of manual
Result: NOTE
    Found the following HTML validation problems:
    SimpleSBM_fit.html:87:6: Warning: missing </span> before <p>
    SimpleSBM_fit.html:87:80: Warning: inserting implicit <span>
    SimpleSBM_fit.html:90:6: Warning: missing </span> before <p>
    SimpleSBM_fit.html:90:83: Warning: inserting implicit <span>
    SimpleSBM_fit.html:93:6: Warning: missing </span> before <p>
    SimpleSBM_fit.html:93:85: Warning: inserting implicit <span>
    SimpleSBM_fit.html:96:6: Warning: missing </span> before <p>
    SimpleSBM_fit.html:96:88: Warning: inserting implicit <span>
    SimpleSBM_fit.html:99:6: Warning: missing </span> before <p>
    SimpleSBM_fit.html:99:87: Warning: inserting implicit <span>
    SimpleSBM_fit.html:102:6: Warning: missing </span> before <p>
    SimpleSBM_fit.html:102:93: Warning: inserting implicit <span>
    SimpleSBM_fit.html:105:6: Warning: missing </span> before <p>
    SimpleSBM_fit.html:105:85: Warning: inserting implicit <span>
    SimpleSBM_fit.html:87:6: Warning: trimming empty <span>
    SimpleSBM_fit.html:90:6: Warning: trimming empty <span>
    SimpleSBM_fit.html:93:6: Warning: trimming empty <span>
    SimpleSBM_fit.html:96:6: Warning: trimming empty <span>
    SimpleSBM_fit.html:99:6: Warning: trimming empty <span>
    SimpleSBM_fit.html:102:6: Warning: trimming empty <span>
    SimpleSBM_fit.html:105:6: Warning: trimming empty <span>
    SimpleSBM_fit_MNAR.html:81:6: Warning: missing </span> before <p>
    SimpleSBM_fit_MNAR.html:81:80: Warning: inserting implicit <span>
    SimpleSBM_fit_MNAR.html:84:6: Warning: missing </span> before <p>
    SimpleSBM_fit_MNAR.html:84:83: Warning: inserting implicit <span>
    SimpleSBM_fit_MNAR.html:87:6: Warning: missing </span> before <p>
    SimpleSBM_fit_MNAR.html:87:85: Warning: inserting implicit <span>
    SimpleSBM_fit_MNAR.html:90:6: Warning: missing </span> before <p>
    SimpleSBM_fit_MNAR.html:90:88: Warning: inserting implicit <span>
    SimpleSBM_fit_MNAR.html:93:6: Warning: missing </span> before <p>
    SimpleSBM_fit_MNAR.html:93:87: Warning: inserting implicit <span>
    SimpleSBM_fit_MNAR.html:96:6: Warning: missing </span> before <p>
    SimpleSBM_fit_MNAR.html:96:93: Warning: inserting implicit <span>
    SimpleSBM_fit_MNAR.html:99:6: Warning: missing </span> before <p>
    SimpleSBM_fit_MNAR.html:99:85: Warning: inserting implicit <span>
    SimpleSBM_fit_MNAR.html:102:6: Warning: missing </span> before <p>
    SimpleSBM_fit_MNAR.html:102:94: Warning: inserting implicit <span>
    SimpleSBM_fit_MNAR.html:105:6: Warning: missing </span> before <p>
    SimpleSBM_fit_MNAR.html:105:96: Warning: inserting implicit <span>
    SimpleSBM_fit_MNAR.html:81:6: Warning: trimming empty <span>
    SimpleSBM_fit_MNAR.html:84:6: Warning: trimming empty <span>
    SimpleSBM_fit_MNAR.html:87:6: Warning: trimming empty <span>
    SimpleSBM_fit_MNAR.html:90:6: Warning: trimming empty <span>
    SimpleSBM_fit_MNAR.html:93:6: Warning: trimming empty <span>
    SimpleSBM_fit_MNAR.html:96:6: Warning: trimming empty <span>
    SimpleSBM_fit_MNAR.html:99:6: Warning: trimming empty <span>
    SimpleSBM_fit_MNAR.html:102:6: Warning: trimming empty <span>
    SimpleSBM_fit_MNAR.html:105:6: Warning: trimming empty <span>
    SimpleSBM_fit_noCov.html:80:6: Warning: missing </span> before <p>
    SimpleSBM_fit_noCov.html:80:80: Warning: inserting implicit <span>
    SimpleSBM_fit_noCov.html:83:6: Warning: missing </span> before <p>
    SimpleSBM_fit_noCov.html:83:83: Warning: inserting implicit <span>
    SimpleSBM_fit_noCov.html:86:6: Warning: missing </span> before <p>
    SimpleSBM_fit_noCov.html:86:85: Warning: inserting implicit <span>
    SimpleSBM_fit_noCov.html:89:6: Warning: missing </span> before <p>
    SimpleSBM_fit_noCov.html:89:88: Warning: inserting implicit <span>
    SimpleSBM_fit_noCov.html:92:6: Warning: missing </span> before <p>
    SimpleSBM_fit_noCov.html:92:87: Warning: inserting implicit <span>
    SimpleSBM_fit_noCov.html:95:6: Warning: missing </span> before <p>
    SimpleSBM_fit_noCov.html:95:93: Warning: inserting implicit <span>
    SimpleSBM_fit_noCov.html:98:6: Warning: missing </span> before <p>
    SimpleSBM_fit_noCov.html:98:85: Warning: inserting implicit <span>
    SimpleSBM_fit_noCov.html:101:6: Warning: missing </span> before <p>
    SimpleSBM_fit_noCov.html:101:94: Warning: inserting implicit <span>
    SimpleSBM_fit_noCov.html:104:6: Warning: missing </span> before <p>
    SimpleSBM_fit_noCov.html:104:99: Warning: inserting implicit <span>
    SimpleSBM_fit_noCov.html:107:6: Warning: missing </span> before <p>
    SimpleSBM_fit_noCov.html:107:96: Warning: inserting implicit <span>
    SimpleSBM_fit_noCov.html:80:6: Warning: trimming empty <span>
    SimpleSBM_fit_noCov.html:83:6: Warning: trimming empty <span>
    SimpleSBM_fit_noCov.html:86:6: Warning: trimming empty <span>
    SimpleSBM_fit_noCov.html:89:6: Warning: trimming empty <span>
    SimpleSBM_fit_noCov.html:92:6: Warning: trimming empty <span>
    SimpleSBM_fit_noCov.html:95:6: Warning: trimming empty <span>
    SimpleSBM_fit_noCov.html:98:6: Warning: trimming empty <span>
    SimpleSBM_fit_noCov.html:101:6: Warning: trimming empty <span>
    SimpleSBM_fit_noCov.html:104:6: Warning: trimming empty <span>
    SimpleSBM_fit_noCov.html:107:6: Warning: trimming empty <span>
    SimpleSBM_fit_withCov.html:80:6: Warning: missing </span> before <p>
    SimpleSBM_fit_withCov.html:80:80: Warning: inserting implicit <span>
    SimpleSBM_fit_withCov.html:83:6: Warning: missing </span> before <p>
    SimpleSBM_fit_withCov.html:83:83: Warning: inserting implicit <span>
    SimpleSBM_fit_withCov.html:86:6: Warning: missing </span> before <p>
    SimpleSBM_fit_withCov.html:86:85: Warning: inserting implicit <span>
    SimpleSBM_fit_withCov.html:89:6: Warning: missing </span> before <p>
    SimpleSBM_fit_withCov.html:89:88: Warning: inserting implicit <span>
    SimpleSBM_fit_withCov.html:92:6: Warning: missing </span> before <p>
    SimpleSBM_fit_withCov.html:92:87: Warning: inserting implicit <span>
    SimpleSBM_fit_withCov.html:95:6: Warning: missing </span> before <p>
    SimpleSBM_fit_withCov.html:95:93: Warning: inserting implicit <span>
    SimpleSBM_fit_withCov.html:98:6: Warning: missing </span> before <p>
    SimpleSBM_fit_withCov.html:98:85: Warning: inserting implicit <span>
    SimpleSBM_fit_withCov.html:101:6: Warning: missing </span> before <p>
    SimpleSBM_fit_withCov.html:101:94: Warning: inserting implicit <span>
    SimpleSBM_fit_withCov.html:104:6: Warning: missing </span> before <p>
    SimpleSBM_fit_withCov.html:104:99: Warning: inserting implicit <span>
    SimpleSBM_fit_withCov.html:107:6: Warning: missing </span> before <p>
    SimpleSBM_fit_withCov.html:107:96: Warning: inserting implicit <span>
    SimpleSBM_fit_withCov.html:80:6: Warning: trimming empty <span>
    SimpleSBM_fit_withCov.html:83:6: Warning: trimming empty <span>
    SimpleSBM_fit_withCov.html:86:6: Warning: trimming empty <span>
    SimpleSBM_fit_withCov.html:89:6: Warning: trimming empty <span>
    SimpleSBM_fit_withCov.html:92:6: Warning: trimming empty <span>
    SimpleSBM_fit_withCov.html:95:6: Warning: trimming empty <span>
    SimpleSBM_fit_withCov.html:98:6: Warning: trimming empty <span>
    SimpleSBM_fit_withCov.html:101:6: Warning: trimming empty <span>
    SimpleSBM_fit_withCov.html:104:6: Warning: trimming empty <span>
    SimpleSBM_fit_withCov.html:107:6: Warning: trimming empty <span>
    blockDyadSampler.html:67:6: Warning: missing </span> before <p>
    blockDyadSampler.html:67:96: Warning: inserting implicit <span>
    blockDyadSampler.html:70:6: Warning: missing </span> before <p>
    blockDyadSampler.html:70:95: Warning: inserting implicit <span>
    blockDyadSampler.html:73:6: Warning: missing </span> before <p>
    blockDyadSampler.html:73:105: Warning: inserting implicit <span>
    blockDyadSampler.html:67:6: Warning: trimming empty <span>
    blockDyadSampler.html:70:6: Warning: trimming empty <span>
    blockDyadSampler.html:73:6: Warning: trimming empty <span>
    blockDyadSampling_fit.html:72:6: Warning: missing </span> before <p>
    blockDyadSampling_fit.html:72:96: Warning: inserting implicit <span>
    blockDyadSampling_fit.html:75:6: Warning: missing </span> before <p>
    blockDyadSampling_fit.html:75:104: Warning: inserting implicit <span>
    blockDyadSampling_fit.html:78:6: Warning: missing </span> before <p>
    blockDyadSampling_fit.html:78:117: Warning: inserting implicit <span>
    blockDyadSampling_fit.html:72:6: Warning: trimming empty <span>
    blockDyadSampling_fit.html:75:6: Warning: trimming empty <span>
    blockDyadSampling_fit.html:78:6: Warning: trimming empty <span>
    blockNodeSampler.html:55:6: Warning: missing </span> before <p>
    blockNodeSampler.html:55:96: Warning: inserting implicit <span>
    blockNodeSampler.html:58:6: Warning: missing </span> before <p>
    blockNodeSampler.html:58:95: Warning: inserting implicit <span>
    blockNodeSampler.html:61:6: Warning: missing </span> before <p>
    blockNodeSampler.html:61:105: Warning: inserting implicit <span>
    blockNodeSampler.html:55:6: Warning: trimming empty <span>
    blockNodeSampler.html:58:6: Warning: trimming empty <span>
    blockNodeSampler.html:61:6: Warning: trimming empty <span>
    blockNodeSampling_fit.html:72:6: Warning: missing </span> before <p>
    blockNodeSampling_fit.html:72:96: Warning: inserting implicit <span>
    blockNodeSampling_fit.html:75:6: Warning: missing </span> before <p>
    blockNodeSampling_fit.html:75:104: Warning: inserting implicit <span>
    blockNodeSampling_fit.html:78:6: Warning: missing </span> before <p>
    blockNodeSampling_fit.html:78:117: Warning: inserting implicit <span>
    blockNodeSampling_fit.html:72:6: Warning: trimming empty <span>
    blockNodeSampling_fit.html:75:6: Warning: trimming empty <span>
    blockNodeSampling_fit.html:78:6: Warning: trimming empty <span>
    covarDyadSampling_fit.html:67:6: Warning: missing </span> before <p>
    covarDyadSampling_fit.html:67:96: Warning: inserting implicit <span>
    covarDyadSampling_fit.html:70:6: Warning: missing </span> before <p>
    covarDyadSampling_fit.html:70:104: Warning: inserting implicit <span>
    covarDyadSampling_fit.html:73:6: Warning: missing </span> before <p>
    covarDyadSampling_fit.html:73:117: Warning: inserting implicit <span>
    covarDyadSampling_fit.html:76:6: Warning: missing </span> before <p>
    covarDyadSampling_fit.html:76:117: Warning: inserting implicit <span>
    covarDyadSampling_fit.html:67:6: Warning: trimming empty <span>
    covarDyadSampling_fit.html:70:6: Warning: trimming empty <span>
    covarDyadSampling_fit.html:73:6: Warning: trimming empty <span>
    covarDyadSampling_fit.html:76:6: Warning: trimming empty <span>
    covarNodeSampling_fit.html:67:6: Warning: missing </span> before <p>
    covarNodeSampling_fit.html:67:96: Warning: inserting implicit <span>
    covarNodeSampling_fit.html:70:6: Warning: missing </span> before <p>
    covarNodeSampling_fit.html:70:104: Warning: inserting implicit <span>
    covarNodeSampling_fit.html:73:6: Warning: missing </span> before <p>
    covarNodeSampling_fit.html:73:117: Warning: inserting implicit <span>
    covarNodeSampling_fit.html:76:6: Warning: missing </span> before <p>
    covarNodeSampling_fit.html:76:117: Warning: inserting implicit <span>
    covarNodeSampling_fit.html:67:6: Warning: trimming empty <span>
    covarNodeSampling_fit.html:70:6: Warning: trimming empty <span>
    covarNodeSampling_fit.html:73:6: Warning: trimming empty <span>
    covarNodeSampling_fit.html:76:6: Warning: trimming empty <span>
    degreeSampler.html:55:6: Warning: missing </span> before <p>
    degreeSampler.html:55:96: Warning: inserting implicit <span>
    degreeSampler.html:58:6: Warning: missing </span> before <p>
    degreeSampler.html:58:95: Warning: inserting implicit <span>
    degreeSampler.html:61:6: Warning: missing </span> before <p>
    degreeSampler.html:61:105: Warning: inserting implicit <span>
    degreeSampler.html:55:6: Warning: trimming empty <span>
    degreeSampler.html:58:6: Warning: trimming empty <span>
    degreeSampler.html:61:6: Warning: trimming empty <span>
    degreeSampling_fit.html:73:6: Warning: missing </span> before <p>
    degreeSampling_fit.html:73:96: Warning: inserting implicit <span>
    degreeSampling_fit.html:76:6: Warning: missing </span> before <p>
    degreeSampling_fit.html:76:104: Warning: inserting implicit <span>
    degreeSampling_fit.html:73:6: Warning: trimming empty <span>
    degreeSampling_fit.html:76:6: Warning: trimming empty <span>
    doubleStandardSampler.html:55:6: Warning: missing </span> before <p>
    doubleStandardSampler.html:55:96: Warning: inserting implicit <span>
    doubleStandardSampler.html:58:6: Warning: missing </span> before <p>
    doubleStandardSampler.html:58:95: Warning: inserting implicit <span>
    doubleStandardSampler.html:61:6: Warning: missing </span> before <p>
    doubleStandardSampler.html:61:105: Warning: inserting implicit <span>
    doubleStandardSampler.html:55:6: Warning: trimming empty <span>
    doubleStandardSampler.html:58:6: Warning: trimming empty <span>
    doubleStandardSampler.html:61:6: Warning: trimming empty <span>
    doubleStandardSampling_fit.html:73:6: Warning: missing </span> before <p>
    doubleStandardSampling_fit.html:73:96: Warning: inserting implicit <span>
    doubleStandardSampling_fit.html:76:6: Warning: missing </span> before <p>
    doubleStandardSampling_fit.html:76:104: Warning: inserting implicit <span>
    doubleStandardSampling_fit.html:73:6: Warning: trimming empty <span>
    doubleStandardSampling_fit.html:76:6: Warning: trimming empty <span>
    dyadSampler.html:55:6: Warning: missing </span> before <p>
    dyadSampler.html:55:96: Warning: inserting implicit <span>
    dyadSampler.html:58:6: Warning: missing </span> before <p>
    dyadSampler.html:58:95: Warning: inserting implicit <span>
    dyadSampler.html:61:6: Warning: missing </span> before <p>
    dyadSampler.html:61:105: Warning: inserting implicit <span>
    dyadSampler.html:55:6: Warning: trimming empty <span>
    dyadSampler.html:58:6: Warning: trimming empty <span>
    dyadSampler.html:61:6: Warning: trimming empty <span>
    dyadSampling_fit.html:67:6: Warning: missing </span> before <p>
    dyadSampling_fit.html:67:96: Warning: inserting implicit <span>
    dyadSampling_fit.html:70:6: Warning: missing </span> before <p>
    dyadSampling_fit.html:70:104: Warning: inserting implicit <span>
    dyadSampling_fit.html:73:6: Warning: missing </span> before <p>
    dyadSampling_fit.html:73:117: Warning: inserting implicit <span>
    dyadSampling_fit.html:76:6: Warning: missing </span> before <p>
    dyadSampling_fit.html:76:117: Warning: inserting implicit <span>
    dyadSampling_fit.html:67:6: Warning: trimming empty <span>
    dyadSampling_fit.html:70:6: Warning: trimming empty <span>
    dyadSampling_fit.html:73:6: Warning: trimming empty <span>
    dyadSampling_fit.html:76:6: Warning: trimming empty <span>
    networkSampler.html:78:6: Warning: missing </span> before <p>
    networkSampler.html:78:96: Warning: inserting implicit <span>
    networkSampler.html:81:6: Warning: missing </span> before <p>
    networkSampler.html:81:95: Warning: inserting implicit <span>
    networkSampler.html:78:6: Warning: trimming empty <span>
    networkSampler.html:81:6: Warning: trimming empty <span>
    networkSamplingDyads_fit.html:78:6: Warning: missing </span> before <p>
    networkSamplingDyads_fit.html:78:96: Warning: inserting implicit <span>
    networkSamplingDyads_fit.html:78:6: Warning: trimming empty <span>
    networkSamplingNodes_fit.html:78:6: Warning: missing </span> before <p>
    networkSamplingNodes_fit.html:78:96: Warning: inserting implicit <span>
    networkSamplingNodes_fit.html:78:6: Warning: trimming empty <span>
    nodeSampler.html:52:6: Warning: missing </span> before <p>
    nodeSampler.html:52:96: Warning: inserting implicit <span>
    nodeSampler.html:55:6: Warning: missing </span> before <p>
    nodeSampler.html:55:95: Warning: inserting implicit <span>
    nodeSampler.html:58:6: Warning: missing </span> before <p>
    nodeSampler.html:58:100: Warning: inserting implicit <span>
    nodeSampler.html:61:6: Warning: missing </span> before <p>
    nodeSampler.html:61:105: Warning: inserting implicit <span>
    nodeSampler.html:52:6: Warning: trimming empty <span>
    nodeSampler.html:55:6: Warning: trimming empty <span>
    nodeSampler.html:58:6: Warning: trimming empty <span>
    nodeSampler.html:61:6: Warning: trimming empty <span>
    nodeSampling_fit.html:67:6: Warning: missing </span> before <p>
    nodeSampling_fit.html:67:96: Warning: inserting implicit <span>
    nodeSampling_fit.html:70:6: Warning: missing </span> before <p>
    nodeSampling_fit.html:70:104: Warning: inserting implicit <span>
    nodeSampling_fit.html:73:6: Warning: missing </span> before <p>
    nodeSampling_fit.html:73:117: Warning: inserting implicit <span>
    nodeSampling_fit.html:76:6: Warning: missing </span> before <p>
    nodeSampling_fit.html:76:117: Warning: inserting implicit <span>
    nodeSampling_fit.html:67:6: Warning: trimming empty <span>
    nodeSampling_fit.html:70:6: Warning: trimming empty <span>
    nodeSampling_fit.html:73:6: Warning: trimming empty <span>
    nodeSampling_fit.html:76:6: Warning: trimming empty <span>
    simpleDyadSampler.html:55:6: Warning: missing </span> before <p>
    simpleDyadSampler.html:55:96: Warning: inserting implicit <span>
    simpleDyadSampler.html:58:6: Warning: missing </span> before <p>
    simpleDyadSampler.html:58:95: Warning: inserting implicit <span>
    simpleDyadSampler.html:61:6: Warning: missing </span> before <p>
    simpleDyadSampler.html:61:105: Warning: inserting implicit <span>
    simpleDyadSampler.html:55:6: Warning: trimming empty <span>
    simpleDyadSampler.html:58:6: Warning: trimming empty <span>
    simpleDyadSampler.html:61:6: Warning: trimming empty <span>
    simpleNodeSampler.html:55:6: Warning: missing </span> before <p>
    simpleNodeSampler.html:55:96: Warning: inserting implicit <span>
    simpleNodeSampler.html:58:6: Warning: missing </span> before <p>
    simpleNodeSampler.html:58:95: Warning: inserting implicit <span>
    simpleNodeSampler.html:61:6: Warning: missing </span> before <p>
    simpleNodeSampler.html:61:105: Warning: inserting implicit <span>
    simpleNodeSampler.html:55:6: Warning: trimming empty <span>
    simpleNodeSampler.html:58:6: Warning: trimming empty <span>
    simpleNodeSampler.html:61:6: Warning: trimming empty <span>
    snowballSampler.html:55:6: Warning: missing </span> before <p>
    snowballSampler.html:55:96: Warning: inserting implicit <span>
    snowballSampler.html:58:6: Warning: missing </span> before <p>
    snowballSampler.html:58:95: Warning: inserting implicit <span>
    snowballSampler.html:61:6: Warning: missing </span> before <p>
    snowballSampler.html:61:105: Warning: inserting implicit <span>
    snowballSampler.html:55:6: Warning: trimming empty <span>
    snowballSampler.html:58:6: Warning: trimming empty <span>
    snowballSampler.html:61:6: Warning: trimming empty <span>
Flavors: r-devel-linux-x86_64-debian-clang, r-devel-linux-x86_64-debian-gcc

Version: 1.0.2
Check: installed package size
Result: NOTE
     installed size is 5.9Mb
     sub-directories of 1Mb or more:
     libs 3.8Mb
Flavors: r-devel-linux-x86_64-fedora-clang, r-release-macos-arm64, r-release-macos-x86_64, r-oldrel-macos-arm64, r-oldrel-macos-x86_64