CRAN Package Check Results for Package mlogit

Last updated on 2022-06-30 04:50:08 CEST.

Flavor Version Tinstall Tcheck Ttotal Status Flags
r-devel-linux-x86_64-debian-clang 1.1-1 10.74 411.79 422.53 NOTE
r-devel-linux-x86_64-debian-gcc 1.1-1 10.00 296.09 306.09 NOTE
r-devel-linux-x86_64-fedora-clang 1.1-1 496.77 NOTE
r-devel-linux-x86_64-fedora-gcc 1.1-1 507.90 NOTE
r-devel-windows-x86_64 1.1-1 40.00 488.00 528.00 NOTE
r-patched-linux-x86_64 1.1-1 16.82 378.55 395.37 OK
r-release-linux-x86_64 1.1-1 10.90 386.88 397.78 OK
r-release-macos-arm64 1.1-1 129.00 OK
r-release-macos-x86_64 1.1-1 294.00 OK
r-release-windows-x86_64 1.1-1 34.00 479.00 513.00 OK
r-oldrel-macos-arm64 1.1-1 150.00 OK
r-oldrel-macos-x86_64 1.1-1 319.00 OK
r-oldrel-windows-ix86+x86_64 1.1-1 23.00 501.00 524.00 OK

Check Details

Version: 1.1-1
Check: Rd files
Result: NOTE
    checkRd: (-1) Catsup.Rd:24: Escaped LaTeX specials: \&
    checkRd: (-1) Cracker.Rd:24: Escaped LaTeX specials: \&
Flavors: r-devel-linux-x86_64-debian-clang, r-devel-linux-x86_64-debian-gcc, r-devel-linux-x86_64-fedora-clang, r-devel-linux-x86_64-fedora-gcc, r-devel-windows-x86_64