CRAN Package Check Results for Package mlpack

Last updated on 2022-09-27 04:50:35 CEST.

Flavor Version Tinstall Tcheck Ttotal Status Flags
r-devel-linux-x86_64-debian-clang 3.4.2.1 3110.78 70.55 3181.33 WARN
r-devel-linux-x86_64-debian-gcc 3.4.2.1 2016.23 51.49 2067.72 NOTE
r-devel-linux-x86_64-fedora-clang 3.4.2.1 3420.42 WARN
r-devel-linux-x86_64-fedora-gcc 3.4.2.1 3554.01 NOTE
r-devel-windows-x86_64 3.4.2.1 2705.00 476.00 3181.00 NOTE
r-patched-linux-x86_64 3.4.2.1 2077.85 63.96 2141.81 NOTE
r-release-linux-x86_64 3.4.2.1 2090.66 63.30 2153.96 NOTE
r-release-macos-arm64 3.4.2.1 830.00 NOTE
r-release-macos-x86_64 3.4.2.1 953.00 NOTE
r-release-windows-x86_64 3.4.2.1 2547.00 475.00 3022.00 NOTE
r-oldrel-macos-arm64 3.4.2.1 918.00 NOTE
r-oldrel-macos-x86_64 3.4.2.1 1527.00 NOTE
r-oldrel-windows-ix86+x86_64 3.4.2.1 5110.00 465.00 5575.00 NOTE

Additional issues

clang14

Check Details

Version: 3.4.2.1
Check: whether package can be installed
Result: WARN
    Found the following significant warnings:
     ./mlpack/core/tree/rectangle_tree/x_tree_split_impl.hpp:152:17: warning: use of bitwise '&' with boolean operands [-Wbitwise-instead-of-logical]
     ./mlpack/core/tree/rectangle_tree/x_tree_split_impl.hpp:167:19: warning: use of bitwise '&' with boolean operands [-Wbitwise-instead-of-logical]
Flavors: r-devel-linux-x86_64-debian-clang, r-devel-linux-x86_64-fedora-clang

Version: 3.4.2.1
Check: LazyData
Result: NOTE
     'LazyData' is specified without a 'data' directory
Flavors: r-devel-linux-x86_64-debian-clang, r-devel-linux-x86_64-debian-gcc, r-devel-linux-x86_64-fedora-clang, r-devel-linux-x86_64-fedora-gcc, r-devel-windows-x86_64, r-patched-linux-x86_64, r-release-linux-x86_64, r-release-macos-arm64, r-release-macos-x86_64, r-release-windows-x86_64, r-oldrel-macos-arm64, r-oldrel-macos-x86_64, r-oldrel-windows-ix86+x86_64

Version: 3.4.2.1
Check: installed package size
Result: NOTE
     installed size is 43.8Mb
     sub-directories of 1Mb or more:
     libs 43.4Mb
Flavors: r-devel-linux-x86_64-fedora-clang, r-devel-windows-x86_64, r-release-macos-arm64, r-release-macos-x86_64, r-release-windows-x86_64, r-oldrel-macos-arm64, r-oldrel-macos-x86_64, r-oldrel-windows-ix86+x86_64