CRAN Package Check Results for Package mlr3

Last updated on 2022-10-03 04:59:32 CEST.

Flavor Version Tinstall Tcheck Ttotal Status Flags
r-devel-linux-x86_64-debian-clang 0.14.0 31.63 379.69 411.32 NOTE
r-devel-linux-x86_64-debian-gcc 0.14.0 28.20 269.90 298.10 NOTE
r-devel-linux-x86_64-fedora-clang 0.14.0 508.41 NOTE
r-devel-linux-x86_64-fedora-gcc 0.14.0 518.55 NOTE
r-devel-windows-x86_64 0.14.0 144.00 450.00 594.00 OK
r-patched-linux-x86_64 0.14.0 41.81 339.46 381.27 NOTE
r-release-linux-x86_64 0.14.0 30.80 335.58 366.38 NOTE
r-release-macos-arm64 0.14.0 112.00 OK
r-release-macos-x86_64 0.14.0 162.00 OK
r-release-windows-x86_64 0.14.0 177.00 411.00 588.00 OK
r-oldrel-macos-arm64 0.14.0 108.00 OK
r-oldrel-macos-x86_64 0.14.0 158.00 OK
r-oldrel-windows-ix86+x86_64 0.14.0 56.00 400.00 456.00 OK

Check Details

Version: 0.14.0
Check: package dependencies
Result: NOTE
    Package suggested but not available for checking: 'distr6'
Flavors: r-devel-linux-x86_64-debian-clang, r-devel-linux-x86_64-debian-gcc, r-devel-linux-x86_64-fedora-clang, r-devel-linux-x86_64-fedora-gcc, r-patched-linux-x86_64, r-release-linux-x86_64

Version: 0.14.0
Check: Rd cross-references
Result: NOTE
    Unknown package 'distr6' in Rd xrefs
Flavors: r-devel-linux-x86_64-debian-clang, r-devel-linux-x86_64-debian-gcc, r-devel-linux-x86_64-fedora-clang, r-devel-linux-x86_64-fedora-gcc, r-patched-linux-x86_64, r-release-linux-x86_64