CRAN Package Check Results for Package mlr3shiny

Last updated on 2022-12-05 03:55:05 CET.

Flavor Version Tinstall Tcheck Ttotal Status Flags
r-devel-linux-x86_64-debian-clang 0.2.0 2.16 24.31 26.47 OK
r-devel-linux-x86_64-debian-gcc 0.2.0 1.94 19.39 21.33 OK
r-devel-linux-x86_64-fedora-clang 0.2.0 45.16 NOTE
r-devel-linux-x86_64-fedora-gcc 0.2.0 43.22 NOTE
r-devel-windows-x86_64 0.2.0 45.00 53.00 98.00 OK
r-patched-linux-x86_64 0.2.0 2.22 23.83 26.05 OK
r-release-linux-x86_64 0.2.0 2.48 23.76 26.24 OK
r-release-macos-arm64 0.2.0 16.00 NOTE
r-release-macos-x86_64 0.2.0 26.00 NOTE
r-release-windows-x86_64 0.2.0 36.00 52.00 88.00 OK
r-oldrel-macos-arm64 0.2.0 18.00 NOTE
r-oldrel-macos-x86_64 0.2.0 23.00 NOTE
r-oldrel-windows-ix86+x86_64 0.2.0 7.00 48.00 55.00 OK

Check Details

Version: 0.2.0
Check: dependencies in R code
Result: NOTE
    Namespaces in Imports field not imported from:
     ‘DT’ ‘data.table’ ‘e1071’ ‘mlr3’ ‘mlr3learners’ ‘mlr3measures’ ‘plyr’
     ‘purrr’ ‘ranger’ ‘readxl’ ‘shinyWidgets’ ‘shinyalert’
     ‘shinydashboard’ ‘shinyjs’ ‘shinythemes’ ‘stats’ ‘stringr’
     All declared Imports should be used.
Flavors: r-devel-linux-x86_64-fedora-clang, r-devel-linux-x86_64-fedora-gcc, r-release-macos-arm64, r-release-macos-x86_64, r-oldrel-macos-arm64, r-oldrel-macos-x86_64