Last updated on 2023-03-24 03:54:22 CET.
Flavor | Version | Tinstall | Tcheck | Ttotal | Status | Flags |
---|---|---|---|---|---|---|
r-devel-linux-x86_64-debian-clang | 0.13.3 | 4.27 | 123.18 | 127.45 | NOTE | |
r-devel-linux-x86_64-debian-gcc | 0.13.3 | 3.04 | 89.49 | 92.53 | NOTE | |
r-devel-linux-x86_64-fedora-clang | 0.13.3 | 160.98 | NOTE | |||
r-devel-linux-x86_64-fedora-gcc | 0.13.3 | 165.01 | NOTE | |||
r-patched-linux-x86_64 | 0.13.3 | 3.21 | 117.10 | 120.31 | NOTE | |
r-release-linux-x86_64 | 0.13.3 | 2.85 | 116.50 | 119.35 | NOTE | |
r-release-macos-arm64 | 0.13.3 | 44.00 | NOTE | |||
r-release-macos-x86_64 | 0.13.3 | 58.00 | NOTE | |||
r-release-windows-x86_64 | 0.13.3 | 25.00 | 164.00 | 189.00 | NOTE | |
r-oldrel-macos-arm64 | 0.13.3 | 72.00 | NOTE | |||
r-oldrel-macos-x86_64 | 0.13.3 | 91.00 | NOTE | |||
r-oldrel-windows-ix86+x86_64 | 0.13.3 | 7.00 | 175.00 | 182.00 | NOTE |
Version: 0.13.3
Check: LazyData
Result: NOTE
'LazyData' is specified without a 'data' directory
Flavors: r-devel-linux-x86_64-debian-clang, r-devel-linux-x86_64-debian-gcc, r-devel-linux-x86_64-fedora-clang, r-devel-linux-x86_64-fedora-gcc, r-patched-linux-x86_64, r-release-linux-x86_64, r-release-macos-arm64, r-release-macos-x86_64, r-release-windows-x86_64, r-oldrel-macos-arm64, r-oldrel-macos-x86_64, r-oldrel-windows-ix86+x86_64
Version: 0.13.3
Check: dependencies in R code
Result: NOTE
Namespaces in Imports field not imported from:
‘datasets’ ‘doParallel’ ‘parallel’
All declared Imports should be used.
Flavors: r-devel-linux-x86_64-fedora-clang, r-devel-linux-x86_64-fedora-gcc, r-release-macos-arm64, r-release-macos-x86_64, r-oldrel-macos-arm64, r-oldrel-macos-x86_64