Last updated on 2023-12-10 04:00:02 CET.
Flavor | Version | Tinstall | Tcheck | Ttotal | Status | Flags |
---|---|---|---|---|---|---|
r-devel-linux-x86_64-debian-clang | 1.0.4 | 82.09 | 103.62 | 185.71 | NOTE | |
r-devel-linux-x86_64-debian-gcc | 1.0.4 | 62.03 | 79.04 | 141.07 | NOTE | |
r-devel-linux-x86_64-fedora-clang | 1.0.4 | 263.72 | NOTE | |||
r-devel-linux-x86_64-fedora-gcc | 1.0.4 | 270.21 | NOTE | |||
r-devel-windows-x86_64 | 1.0.4 | 71.00 | 114.00 | 185.00 | NOTE | |
r-patched-linux-x86_64 | 1.0.4 | 75.04 | 100.98 | 176.02 | NOTE | |
r-release-linux-x86_64 | 1.0.4 | 74.91 | 98.99 | 173.90 | NOTE | |
r-release-macos-arm64 | 1.0.4 | 77.00 | NOTE | |||
r-release-macos-x86_64 | 1.0.4 | 123.00 | NOTE | |||
r-release-windows-x86_64 | 1.0.4 | 89.00 | 139.00 | 228.00 | NOTE | |
r-oldrel-macos-arm64 | 1.0.4 | 59.00 | NOTE | |||
r-oldrel-macos-x86_64 | 1.0.4 | 90.00 | NOTE | |||
r-oldrel-windows-x86_64 | 1.0.4 | 86.00 | 146.00 | 232.00 | OK |
Version: 1.0.4
Check: C++ specification
Result: NOTE
Specified C++11: please drop specification unless essential
Flavors: r-devel-linux-x86_64-debian-clang, r-devel-linux-x86_64-debian-gcc, r-devel-linux-x86_64-fedora-clang, r-devel-linux-x86_64-fedora-gcc, r-devel-windows-x86_64, r-patched-linux-x86_64, r-release-linux-x86_64, r-release-macos-arm64, r-release-macos-x86_64, r-release-windows-x86_64
Version: 1.0.4
Check: data for non-ASCII characters
Result: NOTE
Note: found 18 marked Latin-1 strings
Flavors: r-devel-linux-x86_64-fedora-clang, r-devel-linux-x86_64-fedora-gcc, r-oldrel-macos-arm64, r-oldrel-macos-x86_64