CRAN Package Check Results for Package modeest

Last updated on 2022-09-27 04:50:35 CEST.

Flavor Version Tinstall Tcheck Ttotal Status Flags
r-devel-linux-x86_64-debian-clang 2.4.0 5.72 60.69 66.41 NOTE
r-devel-linux-x86_64-debian-gcc 2.4.0 5.18 46.32 51.50 NOTE
r-devel-linux-x86_64-fedora-clang 2.4.0 94.39 NOTE
r-devel-linux-x86_64-fedora-gcc 2.4.0 90.13 NOTE
r-devel-windows-x86_64 2.4.0 30.00 92.00 122.00 NOTE
r-patched-linux-x86_64 2.4.0 6.49 58.26 64.75 NOTE
r-release-linux-x86_64 2.4.0 7.08 57.93 65.01 NOTE
r-release-macos-arm64 2.4.0 27.00 NOTE
r-release-macos-x86_64 2.4.0 37.00 NOTE
r-release-windows-x86_64 2.4.0 17.00 85.00 102.00 NOTE
r-oldrel-macos-arm64 2.4.0 30.00 NOTE
r-oldrel-macos-x86_64 2.4.0 47.00 NOTE
r-oldrel-windows-ix86+x86_64 2.4.0 14.00 82.00 96.00 NOTE

Check Details

Version: 2.4.0
Check: Rd files
Result: NOTE
    checkRd: (-1) modeest-package.Rd:150: Escaped LaTeX specials: \&
    checkRd: (-1) vieu.Rd:56: Escaped LaTeX specials: \&
Flavors: r-devel-linux-x86_64-debian-clang, r-devel-linux-x86_64-debian-gcc, r-devel-linux-x86_64-fedora-clang, r-devel-linux-x86_64-fedora-gcc, r-devel-windows-x86_64

Version: 2.4.0
Check: LazyData
Result: NOTE
     'LazyData' is specified without a 'data' directory
Flavors: r-devel-linux-x86_64-debian-clang, r-devel-linux-x86_64-debian-gcc, r-devel-linux-x86_64-fedora-clang, r-devel-linux-x86_64-fedora-gcc, r-devel-windows-x86_64, r-patched-linux-x86_64, r-release-linux-x86_64, r-release-macos-arm64, r-release-macos-x86_64, r-release-windows-x86_64, r-oldrel-macos-arm64, r-oldrel-macos-x86_64, r-oldrel-windows-ix86+x86_64