CRAN Package Check Results for Package modeltime.ensemble

Last updated on 2022-11-26 03:58:12 CET.

Flavor Version Tinstall Tcheck Ttotal Status Flags
r-devel-linux-x86_64-debian-clang 1.0.2 36.43 711.48 747.91 OK
r-devel-linux-x86_64-debian-gcc 1.0.2 30.38 502.88 533.26 OK
r-devel-linux-x86_64-fedora-clang 1.0.2 856.38 NOTE
r-devel-linux-x86_64-fedora-gcc 1.0.2 908.70 NOTE
r-devel-windows-x86_64 1.0.2 110.00 656.00 766.00 OK
r-patched-linux-x86_64 1.0.2 OK
r-release-linux-x86_64 1.0.2 33.70 610.27 643.97 OK
r-release-macos-arm64 1.0.2 163.00 NOTE
r-release-macos-x86_64 1.0.2 257.00 NOTE
r-release-windows-x86_64 1.0.2 108.00 659.00 767.00 OK
r-oldrel-macos-arm64 1.0.2 179.00 NOTE
r-oldrel-macos-x86_64 1.0.2 267.00 NOTE
r-oldrel-windows-ix86+x86_64 1.0.2 86.00 715.00 801.00 OK

Check Details

Version: 1.0.2
Check: dependencies in R code
Result: NOTE
    Namespace in Imports field not imported from: ‘parsnip’
     All declared Imports should be used.
Flavors: r-devel-linux-x86_64-fedora-clang, r-devel-linux-x86_64-fedora-gcc, r-release-macos-arm64, r-release-macos-x86_64, r-oldrel-macos-arm64, r-oldrel-macos-x86_64