Last updated on 2023-03-27 04:53:17 CEST.
Flavor | Version | Tinstall | Tcheck | Ttotal | Status | Flags |
---|---|---|---|---|---|---|
r-devel-linux-x86_64-debian-clang | 0.2.0 | 6.99 | 63.44 | 70.43 | OK | |
r-devel-linux-x86_64-debian-gcc | 0.2.0 | 5.35 | 47.48 | 52.83 | OK | |
r-devel-linux-x86_64-fedora-clang | 0.2.0 | 90.40 | OK | |||
r-devel-linux-x86_64-fedora-gcc | 0.2.0 | 92.68 | OK | |||
r-patched-linux-x86_64 | 0.2.0 | 6.11 | 59.52 | 65.63 | OK | |
r-release-linux-x86_64 | 0.2.0 | 5.80 | 60.26 | 66.06 | OK | |
r-release-macos-arm64 | 0.2.0 | 34.00 | OK | |||
r-release-macos-x86_64 | 0.2.0 | 46.00 | OK | |||
r-release-windows-x86_64 | 0.2.0 | 19.00 | 95.00 | 114.00 | OK | |
r-oldrel-macos-arm64 | 0.1.0 | 43.00 | NOTE | |||
r-oldrel-macos-x86_64 | 0.1.0 | 56.00 | NOTE | |||
r-oldrel-windows-ix86+x86_64 | 0.1.0 | 9.00 | 17.00 | 26.00 | ERROR |
Version: 0.1.0
Check: LazyData
Result: NOTE
'LazyData' is specified without a 'data' directory
Flavors: r-oldrel-macos-arm64, r-oldrel-macos-x86_64
Version: 0.1.0
Check: whether package can be installed
Result: ERROR
Installation failed.
Flavor: r-oldrel-windows-ix86+x86_64