Last updated on 2023-12-10 04:00:02 CET.
Flavor | Version | Tinstall | Tcheck | Ttotal | Status | Flags |
---|---|---|---|---|---|---|
r-devel-linux-x86_64-debian-clang | 1.1.5 | 4.21 | 88.77 | 92.98 | NOTE | |
r-devel-linux-x86_64-debian-gcc | 1.1.5 | 3.40 | 66.41 | 69.81 | NOTE | |
r-devel-linux-x86_64-fedora-clang | 1.1.5 | 113.76 | OK | |||
r-devel-linux-x86_64-fedora-gcc | 1.1.5 | 117.38 | OK | |||
r-devel-windows-x86_64 | 1.1.5 | 5.00 | 90.00 | 95.00 | OK | |
r-patched-linux-x86_64 | 1.1.5 | 3.79 | 85.05 | 88.84 | OK | |
r-release-linux-x86_64 | 1.1.5 | 3.24 | 82.85 | 86.09 | OK | |
r-release-macos-arm64 | 1.1.5 | 45.00 | OK | |||
r-release-macos-x86_64 | 1.1.5 | 83.00 | OK | |||
r-release-windows-x86_64 | 1.1.5 | 7.00 | 102.00 | 109.00 | OK | |
r-oldrel-macos-arm64 | 1.1.5 | 45.00 | OK | |||
r-oldrel-macos-x86_64 | 1.1.5 | 57.00 | OK | |||
r-oldrel-windows-x86_64 | 1.1.5 | 7.00 | 103.00 | 110.00 | OK |
Version: 1.1.5
Check: Rd files
Result: NOTE
checkRd: (-1) mortaar_life_table.Rd:7: Lost braces; missing escapes or markup?
7 | \title{{mortaar_life_table} and {mortaar_life_table_list}}
| ^
Flavors: r-devel-linux-x86_64-debian-clang, r-devel-linux-x86_64-debian-gcc