CRAN Package Check Results for Package mosaicData

Last updated on 2022-11-26 03:58:12 CET.

Flavor Version Tinstall Tcheck Ttotal Status Flags
r-devel-linux-x86_64-debian-clang 0.20.3 3.61 48.45 52.06 OK
r-devel-linux-x86_64-debian-gcc 0.20.3 2.74 36.98 39.72 OK
r-devel-linux-x86_64-fedora-clang 0.20.3 76.18 NOTE
r-devel-linux-x86_64-fedora-gcc 0.20.3 72.48 NOTE
r-devel-windows-x86_64 0.20.3 40.00 96.00 136.00 OK
r-patched-linux-x86_64 0.20.3 OK
r-release-linux-x86_64 0.20.3 3.67 42.87 46.54 OK
r-release-macos-arm64 0.20.3 33.00 NOTE
r-release-macos-x86_64 0.20.3 47.00 NOTE
r-release-windows-x86_64 0.20.3 37.00 90.00 127.00 OK
r-oldrel-macos-arm64 0.20.3 35.00 NOTE
r-oldrel-macos-x86_64 0.20.3 50.00 NOTE
r-oldrel-windows-ix86+x86_64 0.20.3 9.00 71.00 80.00 OK

Check Details

Version: 0.20.3
Check: data for non-ASCII characters
Result: NOTE
     Note: found 7 marked UTF-8 strings
Flavors: r-devel-linux-x86_64-fedora-clang, r-devel-linux-x86_64-fedora-gcc, r-release-macos-arm64, r-release-macos-x86_64, r-oldrel-macos-arm64, r-oldrel-macos-x86_64