CRAN Package Check Results for Package mosaicModel

Last updated on 2022-09-29 04:58:20 CEST.

Flavor Version Tinstall Tcheck Ttotal Status Flags
r-devel-linux-x86_64-debian-clang 0.3.0 8.70 105.41 114.11 OK
r-devel-linux-x86_64-debian-gcc 0.3.0 7.31 76.00 83.31 OK
r-devel-linux-x86_64-fedora-clang 0.3.0 149.96 NOTE
r-devel-linux-x86_64-fedora-gcc 0.3.0 146.14 NOTE
r-devel-windows-x86_64 0.3.0 46.00 143.00 189.00 OK
r-patched-linux-x86_64 0.3.0 8.89 95.60 104.49 OK
r-release-linux-x86_64 0.3.0 8.74 95.64 104.38 OK
r-release-macos-arm64 0.3.0 45.00 NOTE
r-release-macos-x86_64 0.3.0 71.00 NOTE
r-release-windows-x86_64 0.3.0 15.00 150.00 165.00 OK
r-oldrel-macos-arm64 0.3.0 55.00 NOTE
r-oldrel-macos-x86_64 0.3.0 66.00 NOTE
r-oldrel-windows-ix86+x86_64 0.3.0 23.00 129.00 152.00 OK

Check Details

Version: 0.3.0
Check: dependencies in R code
Result: NOTE
    Namespaces in Imports field not imported from:
     ‘MASS’ ‘caret’ ‘ggformula’ ‘knitr’ ‘testthat’ ‘tidyverse’
     All declared Imports should be used.
Flavors: r-devel-linux-x86_64-fedora-clang, r-devel-linux-x86_64-fedora-gcc, r-release-macos-arm64, r-release-macos-x86_64, r-oldrel-macos-arm64, r-oldrel-macos-x86_64