Last updated on 2022-08-09 04:52:25 CEST.
Flavor | Version | Tinstall | Tcheck | Ttotal | Status | Flags |
---|---|---|---|---|---|---|
r-devel-linux-x86_64-debian-clang | 3.2.1 | 109.54 | 113.77 | 223.31 | OK | |
r-devel-linux-x86_64-debian-gcc | 3.2.1 | 89.49 | 82.03 | 171.52 | OK | |
r-devel-linux-x86_64-fedora-clang | 3.2.1 | 347.10 | NOTE | |||
r-devel-linux-x86_64-fedora-gcc | 3.2.1 | 287.46 | OK | |||
r-devel-windows-x86_64 | 3.2.1 | 126.00 | 164.00 | 290.00 | OK | |
r-patched-linux-x86_64 | 3.2.1 | 92.84 | 105.23 | 198.07 | OK | |
r-release-linux-x86_64 | 3.2.1 | OK | ||||
r-release-macos-arm64 | 3.2.1 | 79.00 | NOTE | |||
r-release-macos-x86_64 | 3.2.1 | 134.00 | NOTE | |||
r-release-windows-x86_64 | 3.2.1 | 149.00 | 164.00 | 313.00 | OK | |
r-oldrel-macos-arm64 | 3.2.1 | 62.00 | NOTE | |||
r-oldrel-macos-x86_64 | 3.2.1 | 107.00 | NOTE | |||
r-oldrel-windows-ix86+x86_64 | 3.2.1 | 296.00 | 215.00 | 511.00 | NOTE |
Version: 3.2.1
Check: installed package size
Result: NOTE
installed size is 5.2Mb
sub-directories of 1Mb or more:
data 2.0Mb
libs 2.4Mb
Flavors: r-devel-linux-x86_64-fedora-clang, r-release-macos-arm64, r-release-macos-x86_64, r-oldrel-macos-arm64, r-oldrel-macos-x86_64, r-oldrel-windows-ix86+x86_64
Version: 3.2.1
Check: package dependencies
Result: NOTE
Package suggested but not available for checking: ‘readbulk’
Flavor: r-release-macos-x86_64
Version: 3.2.1
Check: Rd cross-references
Result: NOTE
Package unavailable to check Rd xrefs: ‘readbulk’
Flavor: r-release-macos-x86_64