CRAN Package Check Results for Package move

Last updated on 2022-12-08 04:06:36 CET.

Flavor Version Tinstall Tcheck Ttotal Status Flags
r-devel-linux-x86_64-debian-clang 4.1.10 75.11 517.84 592.95 OK
r-devel-linux-x86_64-debian-gcc 4.1.10 57.94 385.40 443.34 OK
r-devel-linux-x86_64-fedora-clang 4.1.10 760.82 OK
r-devel-linux-x86_64-fedora-gcc 4.1.10 750.46 OK
r-devel-windows-x86_64 4.1.10 102.00 603.00 705.00 OK
r-patched-linux-x86_64 4.1.10 67.42 491.32 558.74 OK
r-release-linux-x86_64 4.1.10 61.69 503.23 564.92 OK
r-release-macos-arm64 4.1.10 179.00 NOTE
r-release-macos-x86_64 4.1.10 216.00 OK
r-release-windows-x86_64 4.1.10 116.00 611.00 727.00 OK
r-oldrel-macos-arm64 4.1.10 175.00 NOTE
r-oldrel-macos-x86_64 4.1.10 213.00 OK
r-oldrel-windows-ix86+x86_64 4.1.10 131.00 828.00 959.00 NOTE

Check Details

Version: 4.1.10
Check: installed package size
Result: NOTE
     installed size is 5.4Mb
     sub-directories of 1Mb or more:
     R 2.0Mb
Flavors: r-release-macos-arm64, r-oldrel-macos-arm64, r-oldrel-windows-ix86+x86_64