CRAN Package Check Results for Package mplot

Last updated on 2022-09-27 04:50:36 CEST.

Flavor Version Tinstall Tcheck Ttotal Status Flags
r-devel-linux-x86_64-debian-clang 1.0.6 8.31 88.69 97.00 OK
r-devel-linux-x86_64-debian-gcc 1.0.6 6.36 65.63 71.99 OK
r-devel-linux-x86_64-fedora-clang 1.0.6 126.01 OK
r-devel-linux-x86_64-fedora-gcc 1.0.6 119.36 OK
r-devel-windows-x86_64 1.0.6 17.00 119.00 136.00 OK
r-patched-linux-x86_64 1.0.6 9.51 81.93 91.44 OK
r-release-linux-x86_64 1.0.6 7.85 82.59 90.44 OK
r-release-macos-arm64 1.0.6 37.00 OK
r-release-macos-x86_64 1.0.6 59.00 NOTE
r-release-windows-x86_64 1.0.6 19.00 124.00 143.00 OK
r-oldrel-macos-arm64 1.0.6 34.00 OK
r-oldrel-macos-x86_64 1.0.6 50.00 OK
r-oldrel-windows-ix86+x86_64 1.0.6 22.00 117.00 139.00 OK

Check Details

Version: 1.0.6
Check: package dependencies
Result: NOTE
    Package suggested but not available for checking: ‘glmulti’
Flavor: r-release-macos-x86_64