CRAN Package Check Results for Package mrbsizeR

Last updated on 2023-12-10 04:00:02 CET.

Flavor Version Tinstall Tcheck Ttotal Status Flags
r-devel-linux-x86_64-debian-clang 1.2.1.1 33.25 88.75 122.00 NOTE
r-devel-linux-x86_64-debian-gcc 1.2.1.1 20.06 65.03 85.09 NOTE
r-devel-linux-x86_64-fedora-clang 1.2.1.1 159.24 NOTE
r-devel-linux-x86_64-fedora-gcc 1.2.1.1 164.70 NOTE
r-devel-windows-x86_64 1.2.1.1 27.00 129.00 156.00 NOTE
r-patched-linux-x86_64 1.2.1.1 24.78 85.98 110.76 NOTE
r-release-linux-x86_64 1.2.1.1 25.24 85.10 110.34 NOTE
r-release-macos-arm64 1.2.1.1 54.00 NOTE
r-release-macos-x86_64 1.2.1.1 78.00 NOTE
r-release-windows-x86_64 1.2.1.1 34.00 126.00 160.00 NOTE
r-oldrel-macos-arm64 1.2.1.1 52.00 NOTE
r-oldrel-macos-x86_64 1.2.1.1 76.00 NOTE
r-oldrel-windows-x86_64 1.2.1.1 31.00 128.00 159.00 NOTE

Check Details

Version: 1.2.1.1
Check: Rd contents
Result: NOTE Auto-generated content requiring editing in Rd file 'mrbsizer-package.Rd': \references: ‘This optional section can contain literature or other refere...’ \seealso: ‘Optional links to other man pages’ \examples: ‘\dontrun{ ## Optional simple examples of the most impor...’ Flavors: r-devel-linux-x86_64-debian-clang, r-devel-linux-x86_64-debian-gcc, r-devel-linux-x86_64-fedora-clang, r-devel-linux-x86_64-fedora-gcc, r-devel-windows-x86_64

Version: 1.2.1.1
Check: LazyData
Result: NOTE 'LazyData' is specified without a 'data' directory Flavors: r-devel-linux-x86_64-debian-clang, r-devel-linux-x86_64-debian-gcc, r-devel-linux-x86_64-fedora-clang, r-devel-linux-x86_64-fedora-gcc, r-devel-windows-x86_64, r-patched-linux-x86_64, r-release-linux-x86_64, r-release-macos-arm64, r-release-macos-x86_64, r-release-windows-x86_64, r-oldrel-macos-arm64, r-oldrel-macos-x86_64, r-oldrel-windows-x86_64