Last updated on 2023-12-09 04:02:00 CET.
Flavor | Version | Tinstall | Tcheck | Ttotal | Status | Flags |
---|---|---|---|---|---|---|
r-devel-linux-x86_64-debian-clang | 0.2.1 | 7.00 | 112.42 | 119.42 | OK | |
r-devel-linux-x86_64-debian-gcc | 0.2.1 | 6.18 | 82.98 | 89.16 | OK | |
r-devel-linux-x86_64-fedora-clang | 0.2.1 | 154.16 | NOTE | |||
r-devel-linux-x86_64-fedora-gcc | 0.2.1 | 157.17 | OK | |||
r-devel-windows-x86_64 | 0.2.1 | 10.00 | 107.00 | 117.00 | OK | |
r-patched-linux-x86_64 | 0.2.1 | 12.04 | 102.85 | 114.89 | OK | |
r-release-linux-x86_64 | 0.2.1 | 5.01 | 101.20 | 106.21 | OK | |
r-release-macos-arm64 | 0.2.1 | 57.00 | OK | |||
r-release-macos-x86_64 | 0.2.1 | 76.00 | OK | |||
r-release-windows-x86_64 | 0.2.1 | 10.00 | 139.00 | 149.00 | OK | |
r-oldrel-macos-arm64 | 0.2.1 | 48.00 | OK | |||
r-oldrel-macos-x86_64 | 0.2.1 | 91.00 | OK | |||
r-oldrel-windows-x86_64 | 0.2.1 | 10.00 | 141.00 | 151.00 | OK |
Version: 0.2.1
Check: Rd cross-references
Result: NOTE
Undeclared package ‘processx’ in Rd xrefs
Flavor: r-devel-linux-x86_64-fedora-clang